Last updated on 2021-01-18 23:49:27 CET.
Flavor | Version | Tinstall | Tcheck | Ttotal | Status | Flags |
---|---|---|---|---|---|---|
r-devel-linux-x86_64-debian-clang | 0.5.0 | 3.72 | 30.77 | 34.49 | OK | |
r-devel-linux-x86_64-debian-gcc | 0.5.0 | 2.90 | 23.78 | 26.68 | OK | |
r-devel-linux-x86_64-fedora-clang | 0.5.0 | 49.97 | NOTE | |||
r-devel-linux-x86_64-fedora-gcc | 0.5.0 | 43.42 | NOTE | |||
r-devel-windows-ix86+x86_64 | 0.5.0 | 6.00 | 34.00 | 40.00 | OK | |
r-patched-linux-x86_64 | 0.5.0 | 3.71 | 28.74 | 32.45 | OK | |
r-patched-solaris-x86 | 0.5.0 | 61.20 | NOTE | |||
r-release-linux-x86_64 | 0.5.0 | 4.13 | 28.35 | 32.48 | OK | |
r-release-macos-x86_64 | 0.5.0 | NOTE | ||||
r-release-windows-ix86+x86_64 | 0.5.0 | 7.00 | 35.00 | 42.00 | OK | |
r-oldrel-macos-x86_64 | 0.5.0 | NOTE | ||||
r-oldrel-windows-ix86+x86_64 | 0.5.0 | 5.00 | 36.00 | 41.00 | OK |
Version: 0.5.0
Check: dependencies in R code
Result: NOTE
Namespace in Imports field not imported from: ‘titanic’
All declared Imports should be used.
Flavors: r-devel-linux-x86_64-fedora-clang, r-devel-linux-x86_64-fedora-gcc, r-patched-solaris-x86, r-release-macos-x86_64, r-oldrel-macos-x86_64
Version: 0.5.0
Check: installed package size
Result: NOTE
installed size is 5.2Mb
sub-directories of 1Mb or more:
img 4.7Mb
Flavor: r-patched-solaris-x86