CRAN Package Check Results for Package Cyclops

Last updated on 2022-01-23 23:50:13 CET.

Flavor Version Tinstall Tcheck Ttotal Status Flags
r-devel-linux-x86_64-debian-clang 3.1.2 202.42 131.81 334.23 OK
r-devel-linux-x86_64-debian-gcc 3.1.2 167.04 113.84 280.88 OK
r-devel-linux-x86_64-fedora-clang 3.1.2 493.28 NOTE
r-devel-linux-x86_64-fedora-gcc 3.1.2 447.56 OK
r-devel-windows-x86_64-new-UL 3.1.2 296.00 191.00 487.00 OK
r-devel-windows-x86_64-new-TK 3.1.2 OK
r-patched-linux-x86_64 3.1.2 188.49 127.19 315.68 OK
r-release-linux-x86_64 3.1.2 182.27 126.33 308.60 OK
r-release-macos-arm64 3.1.2 NOTE
r-release-macos-x86_64 3.1.2 NOTE
r-release-windows-ix86+x86_64 3.1.2 475.00 233.00 708.00 NOTE
r-oldrel-macos-x86_64 3.1.2 NOTE
r-oldrel-windows-ix86+x86_64 3.1.2 476.00 232.00 708.00 NOTE

Check Details

Version: 3.1.2
Check: installed package size
Result: NOTE
     installed size is 22.1Mb
     sub-directories of 1Mb or more:
     libs 21.3Mb
Flavors: r-devel-linux-x86_64-fedora-clang, r-release-macos-arm64, r-release-macos-x86_64, r-release-windows-ix86+x86_64, r-oldrel-macos-x86_64, r-oldrel-windows-ix86+x86_64