CRAN Package Check Results for Package CountsEPPM

Last updated on 2020-11-25 23:51:34 CET.

Flavor Version Tinstall Tcheck Ttotal Status Flags
r-devel-linux-x86_64-debian-clang 3.0 10.01 90.94 100.95 OK
r-devel-linux-x86_64-debian-gcc 3.0 8.96 69.73 78.69 OK
r-devel-linux-x86_64-fedora-clang 3.0 131.19 NOTE
r-devel-linux-x86_64-fedora-gcc 3.0 122.07 OK
r-devel-windows-ix86+x86_64 3.0 21.00 120.00 141.00 OK
r-patched-linux-x86_64 3.0 10.24 86.23 96.47 OK
r-patched-solaris-x86 3.0 162.70 OK
r-release-linux-x86_64 3.0 10.85 86.20 97.05 OK
r-release-macos-x86_64 3.0 OK
r-release-windows-ix86+x86_64 3.0 21.00 133.00 154.00 OK
r-oldrel-macos-x86_64 3.0 OK
r-oldrel-windows-ix86+x86_64 3.0 16.00 105.00 121.00 OK

Check Details

Version: 3.0
Check: Rd cross-references
Result: NOTE
    Undeclared package ‘betareg’ in Rd xrefs
Flavor: r-devel-linux-x86_64-fedora-clang