CRAN Package Check Results for Package CorrectOverloadedPeaks

Last updated on 2021-04-17 23:48:21 CEST.

Flavor Version Tinstall Tcheck Ttotal Status Flags
r-devel-linux-x86_64-debian-clang 1.2.17 3.15 54.98 58.13 NOTE
r-devel-linux-x86_64-debian-gcc 1.2.17 2.51 39.25 41.76 NOTE
r-devel-linux-x86_64-fedora-clang 1.2.17 82.21 NOTE
r-devel-linux-x86_64-fedora-gcc 1.2.17 NOTE
r-devel-windows-ix86+x86_64 1.2.17 7.00 75.00 82.00 OK
r-devel-windows-x86_64-gcc10-UCRT 1.2.17 NOTE
r-patched-linux-x86_64 1.2.17 3.44 51.30 54.74 OK
r-release-linux-x86_64 1.2.17 3.12 51.79 54.91 OK
r-release-macos-x86_64 1.2.17 OK
r-release-windows-ix86+x86_64 1.2.17 7.00 79.00 86.00 OK
r-oldrel-macos-x86_64 1.2.17 NOTE
r-oldrel-windows-ix86+x86_64 1.2.17 6.00 69.00 75.00 OK

Check Details

Version: 1.2.17
Check: package dependencies
Result: NOTE
    Package suggested but not available for checking: 'xcms'
Flavors: r-devel-linux-x86_64-debian-clang, r-devel-linux-x86_64-debian-gcc, r-devel-linux-x86_64-fedora-clang, r-devel-linux-x86_64-fedora-gcc, r-devel-windows-x86_64-gcc10-UCRT, r-oldrel-macos-x86_64