CRAN Package Check Results for Package Copula.Markov.survival

Last updated on 2024-06-25 00:57:55 CEST.

Flavor Version Tinstall Tcheck Ttotal Status Flags
r-devel-linux-x86_64-debian-clang 1.0.0 13.06 77.08 90.14 NOTE
r-devel-linux-x86_64-debian-gcc 1.0.0 8.52 57.81 66.33 NOTE
r-devel-linux-x86_64-fedora-clang 1.0.0 110.03 NOTE
r-devel-linux-x86_64-fedora-gcc 1.0.0 108.54 NOTE
r-devel-windows-x86_64 1.0.0 9.00 70.00 79.00 NOTE
r-patched-linux-x86_64 1.0.0 10.16 73.57 83.73 NOTE
r-release-linux-x86_64 1.0.0 11.58 73.30 84.88 NOTE
r-release-macos-arm64 1.0.0 33.00 NOTE
r-release-macos-x86_64 1.0.0 47.00 NOTE
r-release-windows-x86_64 1.0.0 9.00 73.00 82.00 NOTE
r-oldrel-macos-arm64 1.0.0 37.00 NOTE
r-oldrel-macos-x86_64 1.0.0 56.00 NOTE
r-oldrel-windows-x86_64 1.0.0 12.00 83.00 95.00 NOTE

Check Details

Version: 1.0.0
Check: LazyData
Result: NOTE 'LazyData' is specified without a 'data' directory Flavors: r-devel-linux-x86_64-debian-clang, r-devel-linux-x86_64-debian-gcc, r-devel-linux-x86_64-fedora-clang, r-devel-linux-x86_64-fedora-gcc, r-devel-windows-x86_64, r-patched-linux-x86_64, r-release-linux-x86_64, r-release-macos-arm64, r-release-macos-x86_64, r-release-windows-x86_64, r-oldrel-macos-arm64, r-oldrel-macos-x86_64, r-oldrel-windows-x86_64