CRAN Package Check Results for Package CoopGame

Last updated on 2019-11-10 23:48:23 CET.

Flavor Version Tinstall Tcheck Ttotal Status Flags
r-devel-linux-x86_64-debian-clang 0.2.1 9.83 97.79 107.62 OK
r-devel-linux-x86_64-debian-gcc 0.2.1 7.54 73.96 81.50 OK
r-devel-linux-x86_64-fedora-clang 0.2.1 135.17 OK
r-devel-linux-x86_64-fedora-gcc 0.2.1 128.38 OK
r-devel-windows-ix86+x86_64 0.2.1 20.00 134.00 154.00 OK
r-patched-linux-x86_64 0.2.1 8.80 95.12 103.92 OK
r-patched-solaris-x86 0.2.1 152.50 OK
r-release-linux-x86_64 0.2.1 9.24 95.05 104.29 OK
r-release-windows-ix86+x86_64 0.2.1 36.00 186.00 222.00 OK
r-release-osx-x86_64 0.2.1 WARN
r-oldrel-windows-ix86+x86_64 0.2.1 17.00 188.00 205.00 OK
r-oldrel-osx-x86_64 0.2.1 OK

Check Details

Version: 0.2.1
Check: whether package can be installed
Result: WARN
    Found the following significant warnings:
     Warning: 'rgl_init' failed, running with rgl.useNULL = TRUE
Flavor: r-release-osx-x86_64