CRAN Package Check Results for Package CoopGame

Last updated on 2020-05-24 23:47:40 CEST.

Flavor Version Tinstall Tcheck Ttotal Status Flags
r-devel-linux-x86_64-debian-clang 0.2.1 9.73 107.65 117.38 OK
r-devel-linux-x86_64-debian-gcc 0.2.1 8.78 80.66 89.44 OK
r-devel-linux-x86_64-fedora-clang 0.2.1 141.38 OK
r-devel-linux-x86_64-fedora-gcc 0.2.1 136.52 OK
r-devel-windows-ix86+x86_64 0.2.1 36.00 141.00 177.00 OK
r-patched-linux-x86_64 0.2.1 9.06 107.07 116.13 OK
r-patched-solaris-x86 0.2.1 162.30 OK
r-release-linux-x86_64 0.2.1 9.41 106.02 115.43 OK
r-release-osx-x86_64 0.2.1 OK
r-release-windows-ix86+x86_64 0.2.1 22.00 182.00 204.00 OK
r-oldrel-osx-x86_64 0.2.1 WARN
r-oldrel-windows-ix86+x86_64 0.2.1 20.00 184.00 204.00 OK

Check Details

Version: 0.2.1
Check: whether package can be installed
Result: WARN
    Found the following significant warnings:
     Warning: 'rgl_init' failed, running with rgl.useNULL = TRUE
Flavor: r-oldrel-osx-x86_64