Last updated on 2022-06-28 23:54:01 CEST.
Flavor | Version | Tinstall | Tcheck | Ttotal | Status | Flags |
---|---|---|---|---|---|---|
r-devel-linux-x86_64-debian-clang | 1.0 | 3.41 | 98.75 | 102.16 | OK | |
r-devel-linux-x86_64-debian-gcc | 1.0 | 3.31 | 73.65 | 76.96 | OK | |
r-devel-linux-x86_64-fedora-clang | 1.0 | 130.76 | NOTE | |||
r-devel-linux-x86_64-fedora-gcc | 1.0 | 137.40 | NOTE | |||
r-devel-windows-x86_64 | 1.0 | 70.00 | 130.00 | 200.00 | OK | |
r-patched-linux-x86_64 | 1.0 | 4.67 | 94.41 | 99.08 | OK | |
r-release-linux-x86_64 | 1.0 | 3.16 | 95.89 | 99.05 | OK | |
r-release-macos-arm64 | 1.0 | 36.00 | NOTE | |||
r-release-macos-x86_64 | 1.0 | 53.00 | NOTE | |||
r-release-windows-x86_64 | 1.0 | 59.00 | 125.00 | 184.00 | OK | |
r-oldrel-macos-arm64 | 1.0 | 45.00 | NOTE | |||
r-oldrel-macos-x86_64 | 1.0 | 52.00 | NOTE | |||
r-oldrel-windows-ix86+x86_64 | 1.0 | 8.00 | 123.00 | 131.00 | OK |
Version: 1.0
Check: dependencies in R code
Result: NOTE
Namespace in Imports field not imported from: ‘mvtnorm’
All declared Imports should be used.
Flavors: r-devel-linux-x86_64-fedora-clang, r-devel-linux-x86_64-fedora-gcc, r-release-macos-arm64, r-release-macos-x86_64, r-oldrel-macos-arm64, r-oldrel-macos-x86_64