CRAN Package Check Results for Package ConfigParser

Last updated on 2022-08-16 23:57:18 CEST.

Flavor Version Tinstall Tcheck Ttotal Status Flags
r-devel-linux-x86_64-debian-clang 1.0.0 2.94 22.19 25.13 NOTE
r-devel-linux-x86_64-debian-gcc 1.0.0 1.89 17.23 19.12 NOTE
r-devel-linux-x86_64-fedora-clang 1.0.0 40.86 NOTE
r-devel-linux-x86_64-fedora-gcc 1.0.0 42.49 NOTE
r-devel-windows-x86_64 1.0.0 19.00 47.00 66.00 NOTE
r-patched-linux-x86_64 1.0.0 2.63 23.23 25.86 NOTE
r-release-linux-x86_64 1.0.0 3.16 22.31 25.47 NOTE
r-release-macos-arm64 1.0.0 16.00 NOTE
r-release-macos-x86_64 1.0.0 23.00 NOTE
r-release-windows-x86_64 1.0.0 12.00 53.00 65.00 NOTE
r-oldrel-macos-arm64 1.0.0 22.00 NOTE
r-oldrel-macos-x86_64 1.0.0 27.00 NOTE
r-oldrel-windows-ix86+x86_64 1.0.0 7.00 46.00 53.00 NOTE

Check Details

Version: 1.0.0
Check: LazyData
Result: NOTE
     'LazyData' is specified without a 'data' directory
Flavors: r-devel-linux-x86_64-debian-clang, r-devel-linux-x86_64-debian-gcc, r-devel-linux-x86_64-fedora-clang, r-devel-linux-x86_64-fedora-gcc, r-devel-windows-x86_64, r-patched-linux-x86_64, r-release-linux-x86_64, r-release-macos-arm64, r-release-macos-x86_64, r-release-windows-x86_64, r-oldrel-macos-arm64, r-oldrel-macos-x86_64, r-oldrel-windows-ix86+x86_64