CRAN Package Check Results for Package CondiS

Last updated on 2024-06-24 00:50:06 CEST.

Flavor Version Tinstall Tcheck Ttotal Status Flags
r-devel-linux-x86_64-debian-clang 0.1.2 13.49 170.07 183.56 OK
r-devel-linux-x86_64-debian-gcc 0.1.2 13.32 126.30 139.62 OK
r-devel-linux-x86_64-fedora-clang 0.1.2 228.44 NOTE
r-devel-linux-x86_64-fedora-gcc 0.1.2 232.62 NOTE
r-devel-windows-x86_64 0.1.2 14.00 134.00 148.00 OK
r-patched-linux-x86_64 0.1.2 14.54 161.92 176.46 OK
r-release-linux-x86_64 0.1.2 15.60 161.61 177.21 OK
r-release-macos-arm64 0.1.2 69.00 OK
r-release-macos-x86_64 0.1.2 99.00 OK
r-release-windows-x86_64 0.1.2 15.00 137.00 152.00 OK
r-oldrel-macos-arm64 0.1.2 69.00 OK
r-oldrel-macos-x86_64 0.1.2 122.00 OK
r-oldrel-windows-x86_64 0.1.2 19.00 165.00 184.00 OK

Check Details

Version: 0.1.2
Check: dependencies in R code
Result: NOTE Namespaces in Imports field not imported from: ‘kernlab’ ‘purrr’ ‘survminer’ ‘tidyverse’ All declared Imports should be used. Flavors: r-devel-linux-x86_64-fedora-clang, r-devel-linux-x86_64-fedora-gcc