CRAN Package Check Results for Package Compack

Last updated on 2022-06-24 23:50:08 CEST.

Flavor Version Tinstall Tcheck Ttotal Status Flags
r-devel-linux-x86_64-debian-clang 0.1.0 49.67 342.00 391.67 NOTE
r-devel-linux-x86_64-debian-gcc 0.1.0 38.61 260.70 299.31 NOTE
r-devel-linux-x86_64-fedora-clang 0.1.0 551.85 NOTE
r-devel-linux-x86_64-fedora-gcc 0.1.0 526.06 NOTE
r-devel-windows-x86_64 0.1.0 60.00 423.00 483.00 NOTE
r-patched-linux-x86_64 0.1.0 45.19 357.55 402.74 NOTE
r-release-linux-x86_64 0.1.0 38.04 330.60 368.64 NOTE
r-release-macos-arm64 0.1.0 173.00 NOTE
r-release-macos-x86_64 0.1.0 202.00 NOTE
r-release-windows-x86_64 0.1.0 61.00 371.00 432.00 NOTE
r-oldrel-macos-arm64 0.1.0 174.00 NOTE
r-oldrel-macos-x86_64 0.1.0 219.00 NOTE
r-oldrel-windows-ix86+x86_64 0.1.0 108.00 483.00 591.00 NOTE

Check Details

Version: 0.1.0
Check: LazyData
Result: NOTE
     'LazyData' is specified without a 'data' directory
Flavors: r-devel-linux-x86_64-debian-clang, r-devel-linux-x86_64-debian-gcc, r-devel-linux-x86_64-fedora-clang, r-devel-linux-x86_64-fedora-gcc, r-devel-windows-x86_64, r-patched-linux-x86_64, r-release-linux-x86_64, r-release-macos-arm64, r-release-macos-x86_64, r-release-windows-x86_64, r-oldrel-macos-arm64, r-oldrel-macos-x86_64, r-oldrel-windows-ix86+x86_64