CRAN Package Check Results for Package CompDist

Last updated on 2019-10-06 23:46:56 CEST.

Flavor Version Tinstall Tcheck Ttotal Status Flags
r-devel-linux-x86_64-debian-clang 1.0 3.15 22.84 25.99 OK
r-devel-linux-x86_64-debian-gcc 1.0 2.34 18.12 20.46 OK
r-devel-linux-x86_64-fedora-clang 1.0 33.04 NOTE
r-devel-linux-x86_64-fedora-gcc 1.0 31.67 NOTE
r-devel-windows-ix86+x86_64 1.0 9.00 53.00 62.00 OK
r-patched-linux-x86_64 1.0 1.99 23.18 25.17 OK
r-patched-solaris-x86 1.0 46.50 NOTE
r-release-linux-x86_64 1.0 2.75 22.97 25.72 OK
r-release-windows-ix86+x86_64 1.0 5.00 50.00 55.00 OK
r-release-osx-x86_64 1.0 NOTE
r-oldrel-windows-ix86+x86_64 1.0 4.00 46.00 50.00 OK
r-oldrel-osx-x86_64 1.0 NOTE

Check Details

Version: 1.0
Check: dependencies in R code
Result: NOTE
    Namespaces in Imports field not imported from:
     ‘PearsonDS’ ‘VGAM’ ‘actuar’ ‘fExtremes’ ‘rmutil’
     All declared Imports should be used.
Flavors: r-devel-linux-x86_64-fedora-clang, r-devel-linux-x86_64-fedora-gcc, r-patched-solaris-x86, r-release-osx-x86_64, r-oldrel-osx-x86_64