CRAN Package Check Results for Package CompDist

Last updated on 2020-02-17 00:49:07 CET.

Flavor Version Tinstall Tcheck Ttotal Status Flags
r-devel-linux-x86_64-debian-clang 1.0 3.38 24.96 28.34 OK
r-devel-linux-x86_64-debian-gcc 1.0 2.51 19.43 21.94 OK
r-devel-linux-x86_64-fedora-clang 1.0 35.92 NOTE
r-devel-windows-ix86+x86_64 1.0 6.00 40.00 46.00 OK
r-devel-windows-ix86+x86_64-gcc8 1.0 9.00 52.00 61.00 OK
r-patched-linux-x86_64 1.0 2.23 23.23 25.46 OK
r-patched-solaris-x86 1.0 48.00 NOTE
r-release-linux-x86_64 1.0 2.19 23.48 25.67 OK
r-release-windows-ix86+x86_64 1.0 5.00 41.00 46.00 OK
r-release-osx-x86_64 1.0 NOTE
r-oldrel-windows-ix86+x86_64 1.0 3.00 43.00 46.00 OK
r-oldrel-osx-x86_64 1.0 NOTE

Check Details

Version: 1.0
Check: dependencies in R code
Result: NOTE
    Namespaces in Imports field not imported from:
     ‘PearsonDS’ ‘VGAM’ ‘actuar’ ‘fExtremes’ ‘rmutil’
     All declared Imports should be used.
Flavors: r-devel-linux-x86_64-fedora-clang, r-patched-solaris-x86, r-release-osx-x86_64, r-oldrel-osx-x86_64