CRAN Package Check Results for Package ColorNameR

Last updated on 2022-12-02 23:50:25 CET.

Flavor Version Tinstall Tcheck Ttotal Status Flags
r-devel-linux-x86_64-debian-clang 0.1.0 2.86 41.09 43.95 OK
r-devel-linux-x86_64-debian-gcc 0.1.0 2.64 31.72 34.36 OK
r-devel-linux-x86_64-fedora-clang 0.1.0 67.35 NOTE
r-devel-linux-x86_64-fedora-gcc 0.1.0 64.04 NOTE
r-devel-windows-x86_64 0.1.0 19.00 73.00 92.00 OK
r-patched-linux-x86_64 0.1.0 2.78 39.39 42.17 OK
r-release-linux-x86_64 0.1.0 2.88 39.83 42.71 OK
r-release-macos-arm64 0.1.0 18.00 NOTE
r-release-macos-x86_64 0.1.0 35.00 NOTE
r-release-windows-x86_64 0.1.0 5.00 72.00 77.00 OK
r-oldrel-macos-arm64 0.1.0 26.00 NOTE
r-oldrel-macos-x86_64 0.1.0 24.00 NOTE
r-oldrel-windows-ix86+x86_64 0.1.0 7.00 66.00 73.00 OK

Check Details

Version: 0.1.0
Check: data for non-ASCII characters
Result: NOTE
     Note: found 742 marked UTF-8 strings
Flavors: r-devel-linux-x86_64-fedora-clang, r-devel-linux-x86_64-fedora-gcc, r-release-macos-arm64, r-release-macos-x86_64, r-oldrel-macos-arm64, r-oldrel-macos-x86_64