CRAN Package Check Results for Package CodeDepends

Last updated on 2019-09-15 23:46:16 CEST.

Flavor Version Tinstall Tcheck Ttotal Status Flags
r-devel-linux-x86_64-debian-clang 0.6.5 8.39 71.95 80.34 NOTE
r-devel-linux-x86_64-debian-gcc 0.6.5 8.27 57.02 65.29 NOTE
r-devel-linux-x86_64-fedora-clang 0.6.5 98.27 NOTE
r-devel-linux-x86_64-fedora-gcc 0.6.5 98.54 NOTE
r-devel-windows-ix86+x86_64 0.6.5 23.00 79.00 102.00 OK
r-patched-linux-x86_64 0.6.5 8.25 71.80 80.05 OK
r-patched-solaris-x86 0.6.5 135.20 OK
r-release-linux-x86_64 0.6.5 8.66 71.02 79.68 OK
r-release-windows-ix86+x86_64 0.6.5 15.00 79.00 94.00 OK
r-release-osx-x86_64 0.6.5 ERROR
r-oldrel-windows-ix86+x86_64 0.6.5 18.00 76.00 94.00 OK
r-oldrel-osx-x86_64 0.6.5 OK

Check Details

Version: 0.6.5
Check: for non-standard things in the check directory
Result: NOTE
    Found the following files/directories:
     'foo.R' 'foo.html'
Flavors: r-devel-linux-x86_64-debian-clang, r-devel-linux-x86_64-debian-gcc, r-devel-linux-x86_64-fedora-clang, r-devel-linux-x86_64-fedora-gcc

Version: 0.6.5
Check: package dependencies
Result: ERROR
    Package required but not available: ‘graph’
    
    Package suggested but not available for checking: ‘Rgraphviz’
    
    See section ‘The DESCRIPTION file’ in the ‘Writing R Extensions’
    manual.
Flavor: r-release-osx-x86_64