CRAN Package Check Results for Package CodeDepends

Last updated on 2020-02-24 00:48:36 CET.

Flavor Version Tinstall Tcheck Ttotal Status Flags
r-devel-linux-x86_64-debian-clang 0.6.5 11.09 81.49 92.58 NOTE
r-devel-linux-x86_64-debian-gcc 0.6.5 NOTE
r-devel-linux-x86_64-fedora-clang 0.6.5 121.15 NOTE
r-devel-linux-x86_64-fedora-gcc 0.6.5 111.88 NOTE
r-devel-windows-ix86+x86_64 0.6.5 28.00 84.00 112.00 OK
r-devel-windows-ix86+x86_64-gcc8 0.6.5 28.00 116.00 144.00 OK
r-patched-linux-x86_64 0.6.5 OK
r-patched-solaris-x86 0.6.5 137.80 OK
r-release-linux-x86_64 0.6.5 8.26 70.03 78.29 OK
r-release-windows-ix86+x86_64 0.6.5 21.00 77.00 98.00 OK
r-release-osx-x86_64 0.6.5 OK
r-oldrel-windows-ix86+x86_64 0.6.5 19.00 83.00 102.00 OK
r-oldrel-osx-x86_64 0.6.5 OK

Check Details

Version: 0.6.5
Check: for non-standard things in the check directory
Result: NOTE
    Found the following files/directories:
     'foo.R' 'foo.html'
Flavors: r-devel-linux-x86_64-debian-clang, r-devel-linux-x86_64-debian-gcc, r-devel-linux-x86_64-fedora-clang, r-devel-linux-x86_64-fedora-gcc