Last updated on 2023-11-28 00:56:44 CET.
Flavor | Version | Tinstall | Tcheck | Ttotal | Status | Flags |
---|---|---|---|---|---|---|
r-devel-linux-x86_64-debian-clang | 0.1.0 | 37.19 | 346.75 | 383.94 | NOTE | |
r-devel-linux-x86_64-debian-gcc | 0.1.0 | 32.01 | 285.78 | 317.79 | NOTE | |
r-devel-linux-x86_64-fedora-clang | 0.1.0 | 470.27 | OK | |||
r-devel-linux-x86_64-fedora-gcc | 0.1.0 | 467.79 | OK | |||
r-devel-windows-x86_64 | 0.1.0 | 30.00 | 250.00 | 280.00 | OK | |
r-patched-linux-x86_64 | 0.1.0 | 32.84 | 333.43 | 366.27 | OK | |
r-release-linux-x86_64 | 0.1.0 | 23.57 | 326.12 | 349.69 | OK | |
r-release-macos-arm64 | 0.1.0 | 142.00 | OK | |||
r-release-macos-x86_64 | 0.1.0 | 254.00 | OK | |||
r-release-windows-x86_64 | 0.1.0 | 42.00 | 326.00 | 368.00 | OK | |
r-oldrel-macos-arm64 | 0.1.0 | 126.00 | OK | |||
r-oldrel-macos-x86_64 | 0.1.0 | 211.00 | OK | |||
r-oldrel-windows-x86_64 | 0.1.0 | 40.00 | 310.00 | 350.00 | OK |
Version: 0.1.0
Check: Rd files
Result: NOTE
checkRd: (-1) NetStats.Rd:15: Lost braces in \itemize; \value handles \item{}{} directly
checkRd: (-1) NetStats.Rd:16: Lost braces in \itemize; \value handles \item{}{} directly
checkRd: (-1) NetStats.Rd:17: Lost braces in \itemize; \value handles \item{}{} directly
checkRd: (-1) NetStats.Rd:18: Lost braces in \itemize; \value handles \item{}{} directly
checkRd: (-1) NetStats.Rd:19: Lost braces in \itemize; \value handles \item{}{} directly
checkRd: (-1) NetStats.Rd:20: Lost braces in \itemize; \value handles \item{}{} directly
checkRd: (-1) NetStats.Rd:21: Lost braces in \itemize; \value handles \item{}{} directly
checkRd: (-1) NetStats.Rd:22: Lost braces in \itemize; \value handles \item{}{} directly
checkRd: (-1) NetStats.Rd:23: Lost braces in \itemize; \value handles \item{}{} directly
checkRd: (-1) generate_network.Rd:35: Lost braces in \itemize; \value handles \item{}{} directly
checkRd: (-1) generate_network.Rd:36: Lost braces in \itemize; \value handles \item{}{} directly
checkRd: (-1) generate_network.Rd:37: Lost braces in \itemize; \value handles \item{}{} directly
checkRd: (-1) generate_network.Rd:38: Lost braces in \itemize; \value handles \item{}{} directly
checkRd: (-1) generate_network.Rd:39: Lost braces in \itemize; \value handles \item{}{} directly
checkRd: (-1) generate_network.Rd:40: Lost braces in \itemize; \value handles \item{}{} directly
checkRd: (-1) generate_network.Rd:41: Lost braces in \itemize; \value handles \item{}{} directly
checkRd: (-1) generate_network.Rd:42: Lost braces in \itemize; \value handles \item{}{} directly
checkRd: (-1) generate_network.Rd:43: Lost braces in \itemize; \value handles \item{}{} directly
Flavors: r-devel-linux-x86_64-debian-clang, r-devel-linux-x86_64-debian-gcc