CRAN Package Check Results for Package CircSpaceTime

Last updated on 2022-11-26 23:58:11 CET.

Flavor Version Tinstall Tcheck Ttotal Status Flags
r-devel-linux-x86_64-debian-clang 0.9.0 171.52 51.62 223.14 OK
r-devel-linux-x86_64-debian-gcc 0.9.0 130.87 39.37 170.24 OK
r-devel-linux-x86_64-fedora-clang 0.9.0 361.77 NOTE
r-devel-linux-x86_64-fedora-gcc 0.9.0 301.84 NOTE
r-devel-windows-x86_64 0.9.0 157.00 112.00 269.00 OK
r-patched-linux-x86_64 0.9.0 OK
r-release-linux-x86_64 0.9.0 137.10 48.84 185.94 OK
r-release-macos-arm64 0.9.0 69.00 NOTE
r-release-macos-x86_64 0.9.0 120.00 NOTE
r-release-windows-x86_64 0.9.0 134.00 119.00 253.00 OK
r-oldrel-macos-arm64 0.9.0 78.00 NOTE
r-oldrel-macos-x86_64 0.9.0 147.00 NOTE
r-oldrel-windows-ix86+x86_64 0.9.0 419.00 141.00 560.00 NOTE

Check Details

Version: 0.9.0
Check: dependencies in R code
Result: NOTE
    Namespaces in Imports field not imported from:
     ‘RInside’ ‘circular’
     All declared Imports should be used.
Flavors: r-devel-linux-x86_64-fedora-clang, r-devel-linux-x86_64-fedora-gcc, r-release-macos-arm64, r-release-macos-x86_64, r-oldrel-macos-arm64, r-oldrel-macos-x86_64

Version: 0.9.0
Check: installed package size
Result: NOTE
     installed size is 7.4Mb
     sub-directories of 1Mb or more:
     data 1.8Mb
     libs 5.0Mb
Flavors: r-release-macos-arm64, r-release-macos-x86_64, r-oldrel-macos-arm64, r-oldrel-macos-x86_64, r-oldrel-windows-ix86+x86_64