CRAN Package Check Results for Package CeRNASeek

Last updated on 2024-06-13 00:55:09 CEST.

Flavor Version Tinstall Tcheck Ttotal Status Flags
r-devel-linux-x86_64-debian-clang 2.1.3 12.30 90.31 102.61 OK
r-devel-linux-x86_64-debian-gcc 2.1.3 0.39 1.55 1.94 ERROR
r-devel-linux-x86_64-fedora-clang 2.1.3 126.12 OK
r-devel-linux-x86_64-fedora-gcc 2.1.3 119.78 OK
r-devel-windows-x86_64 2.1.3 9.00 80.00 89.00 OK
r-patched-linux-x86_64 2.1.3 11.46 87.14 98.60 OK
r-release-linux-x86_64 2.1.3 11.66 89.02 100.68 OK
r-release-macos-arm64 2.1.3 36.00 OK
r-release-macos-x86_64 2.1.3 55.00 OK
r-release-windows-x86_64 2.1.3 10.00 92.00 102.00 OK
r-oldrel-macos-arm64 2.1.3 41.00 OK
r-oldrel-macos-x86_64 2.1.3 65.00 OK
r-oldrel-windows-x86_64 2.1.3 12.00 97.00 109.00 OK

Check Details

Version: 2.1.3
Check: package dependencies
Result: ERROR Package required but not available: ‘igraph’ See section ‘The DESCRIPTION file’ in the ‘Writing R Extensions’ manual. Flavor: r-devel-linux-x86_64-debian-gcc