CRAN Package Check Results for Package CautiousLearning

Last updated on 2020-11-25 23:51:33 CET.

Flavor Version Tinstall Tcheck Ttotal Status Flags
r-devel-linux-x86_64-debian-clang 1.0.1 27.44 31.61 59.05 OK
r-devel-linux-x86_64-debian-gcc 1.0.1 24.53 23.14 47.67 OK
r-devel-linux-x86_64-fedora-clang 1.0.1 76.03 NOTE
r-devel-linux-x86_64-fedora-gcc 1.0.1 61.32 OK
r-devel-windows-ix86+x86_64 1.0.1 53.00 73.00 126.00 OK
r-patched-linux-x86_64 1.0.1 37.82 30.40 68.22 OK
r-patched-solaris-x86 1.0.1 82.60 OK
r-release-linux-x86_64 1.0.1 28.29 29.02 57.31 OK
r-release-macos-x86_64 1.0.1 OK
r-release-windows-ix86+x86_64 1.0.1 55.00 78.00 133.00 OK
r-oldrel-macos-x86_64 1.0.1 OK
r-oldrel-windows-ix86+x86_64 1.0.1 41.00 61.00 102.00 OK

Check Details

Version: 1.0.1
Check: Rd cross-references
Result: NOTE
    Undeclared package ‘sitmo’ in Rd xrefs
Flavor: r-devel-linux-x86_64-fedora-clang