CRAN Package Check Results for Package CausalKinetiX

Last updated on 2022-11-26 23:58:11 CET.

Flavor Version Tinstall Tcheck Ttotal Status Flags
r-devel-linux-x86_64-debian-clang 0.2.1 13.40 111.65 125.05 NOTE
r-devel-linux-x86_64-debian-gcc 0.2.1 9.71 84.93 94.64 NOTE
r-devel-linux-x86_64-fedora-clang 0.2.1 172.01 NOTE
r-devel-linux-x86_64-fedora-gcc 0.2.1 159.75 NOTE
r-devel-windows-x86_64 0.2.1 25.00 138.00 163.00 NOTE
r-patched-linux-x86_64 0.2.1 NOTE
r-release-linux-x86_64 0.2.1 11.17 108.48 119.65 NOTE
r-release-macos-arm64 0.2.1 45.00 NOTE
r-release-macos-x86_64 0.2.1 72.00 NOTE
r-release-windows-x86_64 0.2.1 20.00 135.00 155.00 NOTE
r-oldrel-macos-arm64 0.2.1 46.00 NOTE
r-oldrel-macos-x86_64 0.2.1 72.00 NOTE
r-oldrel-windows-ix86+x86_64 0.2.1 26.00 132.00 158.00 NOTE

Check Details

Version: 0.2.1
Check: LazyData
Result: NOTE
     'LazyData' is specified without a 'data' directory
Flavors: r-devel-linux-x86_64-debian-clang, r-devel-linux-x86_64-debian-gcc, r-devel-linux-x86_64-fedora-clang, r-devel-linux-x86_64-fedora-gcc, r-devel-windows-x86_64, r-patched-linux-x86_64, r-release-linux-x86_64, r-release-macos-arm64, r-release-macos-x86_64, r-release-windows-x86_64, r-oldrel-macos-arm64, r-oldrel-macos-x86_64, r-oldrel-windows-ix86+x86_64