CRAN Package Check Results for Package CaPO4Sim

Last updated on 2021-01-18 23:49:25 CET.

Flavor Version Tinstall Tcheck Ttotal Status Flags
r-devel-linux-x86_64-debian-clang 0.1.0 6.35 41.90 48.25 OK
r-devel-linux-x86_64-debian-gcc 0.1.0 5.15 32.73 37.88 OK
r-devel-linux-x86_64-fedora-clang 0.1.0 68.44 NOTE
r-devel-linux-x86_64-fedora-gcc 0.1.0 62.87 NOTE
r-devel-windows-ix86+x86_64 0.1.0 11.00 45.00 56.00 OK
r-patched-linux-x86_64 0.1.0 6.07 40.44 46.51 OK
r-patched-solaris-x86 0.1.0 83.10 NOTE
r-release-linux-x86_64 0.1.0 6.20 40.13 46.33 OK
r-release-macos-x86_64 0.1.0 NOTE
r-release-windows-ix86+x86_64 0.1.0 12.00 51.00 63.00 OK
r-oldrel-macos-x86_64 0.1.0 NOTE
r-oldrel-windows-ix86+x86_64 0.1.0 9.00 40.00 49.00 OK

Check Details

Version: 0.1.0
Check: dependencies in R code
Result: NOTE
    Namespace in Imports field not imported from: ‘htmltools’
     All declared Imports should be used.
Flavors: r-devel-linux-x86_64-fedora-clang, r-devel-linux-x86_64-fedora-gcc, r-patched-solaris-x86, r-release-macos-x86_64, r-oldrel-macos-x86_64