CRAN Package Check Results for Package CVR

Last updated on 2022-06-30 23:52:11 CEST.

Flavor Version Tinstall Tcheck Ttotal Status Flags
r-devel-linux-x86_64-debian-clang 0.1.1 51.77 34.77 86.54 OK
r-devel-linux-x86_64-debian-gcc 0.1.1 37.37 27.38 64.75 OK
r-devel-linux-x86_64-fedora-clang 0.1.1 129.23 OK
r-devel-linux-x86_64-fedora-gcc 0.1.1 116.83 OK
r-devel-windows-x86_64 0.1.1 41.00 79.00 120.00 OK
r-patched-linux-x86_64 0.1.1 45.12 35.05 80.17 OK
r-release-linux-x86_64 0.1.1 38.04 33.95 71.99 OK
r-release-macos-arm64 0.1.1 32.00 NOTE
r-release-macos-x86_64 0.1.1 44.00 NOTE
r-release-windows-x86_64 0.1.1 52.00 81.00 133.00 OK
r-oldrel-macos-arm64 0.1.1 48.00 NOTE
r-oldrel-macos-x86_64 0.1.1 63.00 NOTE
r-oldrel-windows-ix86+x86_64 0.1.1 109.00 80.00 189.00 OK

Check Details

Version: 0.1.1
Check: installed package size
Result: NOTE
     installed size is 5.3Mb
     sub-directories of 1Mb or more:
     libs 4.5Mb
Flavors: r-release-macos-arm64, r-release-macos-x86_64, r-oldrel-macos-arm64, r-oldrel-macos-x86_64