Last updated on 2023-06-02 01:00:23 CEST.
Flavor | Version | Tinstall | Tcheck | Ttotal | Status | Flags |
---|---|---|---|---|---|---|
r-devel-linux-x86_64-debian-clang | 0.1-2 | 3.94 | 454.44 | 458.38 | NOTE | |
r-devel-linux-x86_64-debian-gcc | 0.1-2 | 3.14 | 335.26 | 338.40 | NOTE | |
r-devel-linux-x86_64-fedora-clang | 0.1-2 | 542.55 | NOTE | |||
r-devel-linux-x86_64-fedora-gcc | 0.1-2 | 562.91 | NOTE | |||
r-devel-windows-x86_64 | 0.1-2 | 5.00 | 325.00 | 330.00 | NOTE | |
r-patched-linux-x86_64 | 0.1-2 | NOTE | ||||
r-release-linux-x86_64 | 0.1-2 | 3.74 | 436.25 | 439.99 | NOTE | |
r-release-macos-arm64 | 0.1-2 | 199.00 | NOTE | |||
r-release-macos-x86_64 | 0.1-2 | 356.00 | NOTE | |||
r-release-windows-x86_64 | 0.1-2 | 6.00 | 419.00 | 425.00 | NOTE | |
r-oldrel-macos-arm64 | 0.1-2 | 176.00 | NOTE | |||
r-oldrel-macos-x86_64 | 0.1-2 | 203.00 | NOTE | |||
r-oldrel-windows-x86_64 | 0.1-2 | 5.00 | 408.00 | 413.00 | NOTE |
Version: 0.1-2
Check: LazyData
Result: NOTE
'LazyData' is specified without a 'data' directory
Flavors: r-devel-linux-x86_64-debian-clang, r-devel-linux-x86_64-debian-gcc, r-devel-linux-x86_64-fedora-clang, r-devel-linux-x86_64-fedora-gcc, r-devel-windows-x86_64, r-patched-linux-x86_64, r-release-linux-x86_64, r-release-macos-arm64, r-release-macos-x86_64, r-release-windows-x86_64, r-oldrel-macos-arm64, r-oldrel-macos-x86_64, r-oldrel-windows-x86_64