Last updated on 2021-04-21 23:47:58 CEST.
Flavor | Version | Tinstall | Tcheck | Ttotal | Status | Flags |
---|---|---|---|---|---|---|
r-devel-linux-x86_64-debian-clang | 1.0.0 | 6.17 | 245.62 | 251.79 | OK | |
r-devel-linux-x86_64-debian-gcc | 1.0.0 | 5.11 | 233.12 | 238.23 | OK | |
r-devel-linux-x86_64-fedora-clang | 1.0.0 | 334.27 | OK | |||
r-devel-linux-x86_64-fedora-gcc | 1.0.0 | 293.20 | OK | |||
r-devel-windows-ix86+x86_64 | 1.0.0 | 12.00 | 325.00 | 337.00 | OK | |
r-devel-windows-x86_64-gcc10-UCRT | 1.0.0 | OK | ||||
r-patched-linux-x86_64 | 1.0.0 | 6.74 | 245.21 | 251.95 | OK | |
r-patched-solaris-x86 | 1.0.0 | 480.00 | OK | |||
r-release-linux-x86_64 | 1.0.0 | 6.11 | 229.95 | 236.06 | OK | |
r-release-macos-x86_64 | 1.0.0 | OK | ||||
r-release-windows-ix86+x86_64 | 1.0.0 | 11.00 | 271.00 | 282.00 | OK | |
r-oldrel-macos-x86_64 | 1.0.0 | ERROR |
Version: 1.0.0
Check: whether package can be installed
Result: ERROR
Installation failed.
Flavor: r-oldrel-macos-x86_64