CRAN Package Check Results for Package CRE

Last updated on 2024-06-13 00:55:10 CEST.

Flavor Version Tinstall Tcheck Ttotal Status Flags
r-devel-linux-x86_64-debian-clang 0.2.6 13.87 126.44 140.31 OK
r-devel-linux-x86_64-debian-gcc 0.2.6 0.47 1.70 2.17 ERROR
r-devel-linux-x86_64-fedora-clang 0.2.6 179.82 OK
r-devel-linux-x86_64-fedora-gcc 0.2.6 179.48 OK
r-devel-windows-x86_64 0.2.6 14.00 113.00 127.00 OK
r-patched-linux-x86_64 0.2.6 11.56 125.97 137.53 OK
r-release-linux-x86_64 0.2.6 10.94 126.69 137.63 OK
r-release-macos-arm64 0.2.6 60.00 OK
r-release-macos-x86_64 0.2.6 87.00 OK
r-release-windows-x86_64 0.2.6 13.00 120.00 133.00 OK
r-oldrel-macos-arm64 0.2.6 68.00 OK
r-oldrel-macos-x86_64 0.2.6 136.00 OK
r-oldrel-windows-x86_64 0.2.6 17.00 132.00 149.00 OK

Check Details

Version: 0.2.6
Check: package dependencies
Result: ERROR Packages required but not available: 'stringr', 'ggplot2' Package suggested but not available for checking: ‘testthat’ See section ‘The DESCRIPTION file’ in the ‘Writing R Extensions’ manual. Flavor: r-devel-linux-x86_64-debian-gcc