Last updated on 2021-04-21 23:47:58 CEST.
Flavor | Version | Tinstall | Tcheck | Ttotal | Status | Flags |
---|---|---|---|---|---|---|
r-devel-linux-x86_64-debian-clang | 0.1.2 | 10.33 | 96.48 | 106.81 | NOTE | |
r-devel-linux-x86_64-debian-gcc | 0.1.2 | 9.82 | 72.23 | 82.05 | NOTE | |
r-devel-linux-x86_64-fedora-clang | 0.1.2 | 138.04 | NOTE | |||
r-devel-linux-x86_64-fedora-gcc | 0.1.2 | 122.91 | NOTE | |||
r-devel-windows-ix86+x86_64 | 0.1.2 | 26.00 | 113.00 | 139.00 | NOTE | |
r-devel-windows-x86_64-gcc10-UCRT | 0.1.2 | NOTE | ||||
r-patched-linux-x86_64 | 0.1.2 | 11.38 | 87.15 | 98.53 | OK | |
r-patched-solaris-x86 | 0.1.2 | 179.80 | OK | |||
r-release-linux-x86_64 | 0.1.2 | 12.02 | 87.82 | 99.84 | OK | |
r-release-macos-x86_64 | 0.1.2 | OK | ||||
r-release-windows-ix86+x86_64 | 0.1.2 | 26.00 | 114.00 | 140.00 | OK | |
r-oldrel-macos-x86_64 | 0.1.2 | OK | ||||
r-oldrel-windows-ix86+x86_64 | 0.1.2 | 29.00 | 107.00 | 136.00 | OK |
Version: 0.1.2
Check: LazyData
Result: NOTE
'LazyData' is specified without a 'data' directory
Flavors: r-devel-linux-x86_64-debian-clang, r-devel-linux-x86_64-debian-gcc, r-devel-linux-x86_64-fedora-clang, r-devel-linux-x86_64-fedora-gcc, r-devel-windows-ix86+x86_64, r-devel-windows-x86_64-gcc10-UCRT