Last updated on 2022-06-26 23:51:55 CEST.
Flavor | Version | Tinstall | Tcheck | Ttotal | Status | Flags |
---|---|---|---|---|---|---|
r-devel-linux-x86_64-debian-clang | 0.1-2 | 2.63 | 29.77 | 32.40 | OK | |
r-devel-linux-x86_64-debian-gcc | 0.1-2 | 2.34 | 23.00 | 25.34 | OK | |
r-devel-linux-x86_64-fedora-clang | 0.1-2 | 50.44 | NOTE | |||
r-devel-linux-x86_64-fedora-gcc | 0.1-2 | 48.73 | OK | |||
r-devel-windows-x86_64 | 0.1-2 | 9.00 | 53.00 | 62.00 | OK | |
r-patched-linux-x86_64 | 0.1-2 | 3.26 | 28.24 | 31.50 | OK | |
r-release-linux-x86_64 | 0.1-2 | 3.01 | 29.07 | 32.08 | OK | |
r-release-macos-arm64 | 0.1-2 | 15.00 | OK | |||
r-release-macos-x86_64 | 0.1-2 | 22.00 | OK | |||
r-release-windows-x86_64 | 0.1-2 | 9.00 | 55.00 | 64.00 | OK | |
r-oldrel-macos-arm64 | 0.1-2 | 24.00 | OK | |||
r-oldrel-macos-x86_64 | 0.1-2 | 24.00 | OK | |||
r-oldrel-windows-ix86+x86_64 | 0.1-2 | 7.00 | 47.00 | 54.00 | OK |
Version: 0.1-2
Check: Rd cross-references
Result: NOTE
Undeclared package ‘wavethresh’ in Rd xrefs
Flavor: r-devel-linux-x86_64-fedora-clang