Last updated on 2022-06-25 23:56:14 CEST.
Flavor | Version | Tinstall | Tcheck | Ttotal | Status | Flags |
---|---|---|---|---|---|---|
r-devel-linux-x86_64-debian-clang | 1.0 | 7.66 | 65.10 | 72.76 | NOTE | |
r-devel-linux-x86_64-debian-gcc | 1.0 | 6.79 | 49.76 | 56.55 | NOTE | |
r-devel-linux-x86_64-fedora-clang | 1.0 | 99.37 | NOTE | |||
r-devel-linux-x86_64-fedora-gcc | 1.0 | 97.15 | NOTE | |||
r-devel-windows-x86_64 | 1.0 | 10.00 | 81.00 | 91.00 | NOTE | |
r-patched-linux-x86_64 | 1.0 | 8.30 | 64.08 | 72.38 | NOTE | |
r-release-linux-x86_64 | 1.0 | 5.48 | 61.64 | 67.12 | NOTE | |
r-release-macos-arm64 | 1.0 | 28.00 | NOTE | |||
r-release-macos-x86_64 | 1.0 | 40.00 | NOTE | |||
r-release-windows-x86_64 | 1.0 | 13.00 | 85.00 | 98.00 | NOTE | |
r-oldrel-macos-arm64 | 1.0 | 35.00 | NOTE | |||
r-oldrel-macos-x86_64 | 1.0 | 44.00 | NOTE | |||
r-oldrel-windows-ix86+x86_64 | 1.0 | 16.00 | 85.00 | 101.00 | OK |
Version: 1.0
Check: package dependencies
Result: NOTE
Package suggested but not available for checking: 'userfriendlyscience'
Flavors: r-devel-linux-x86_64-debian-clang, r-devel-linux-x86_64-debian-gcc, r-devel-linux-x86_64-fedora-clang, r-devel-linux-x86_64-fedora-gcc, r-devel-windows-x86_64, r-patched-linux-x86_64, r-release-linux-x86_64, r-release-macos-arm64, r-release-macos-x86_64, r-release-windows-x86_64, r-oldrel-macos-arm64, r-oldrel-macos-x86_64