CRAN Package Check Results for Package CIAAWconsensus

Last updated on 2020-10-28 23:47:10 CET.

Flavor Version Tinstall Tcheck Ttotal Status Flags
r-devel-linux-x86_64-debian-clang 1.3 2.73 32.68 35.41 OK
r-devel-linux-x86_64-debian-gcc 1.3 1.89 25.41 27.30 OK
r-devel-linux-x86_64-fedora-clang 1.3 51.76 NOTE
r-devel-linux-x86_64-fedora-gcc 1.3 46.40 NOTE
r-devel-windows-ix86+x86_64 1.3 6.00 51.00 57.00 OK
r-patched-linux-x86_64 1.3 2.59 31.68 34.27 OK
r-patched-solaris-x86 1.3 64.20 NOTE
r-release-linux-x86_64 1.3 2.65 32.54 35.19 OK
r-release-macos-x86_64 1.3 NOTE
r-release-windows-ix86+x86_64 1.3 5.00 38.00 43.00 OK
r-oldrel-macos-x86_64 1.3 NOTE
r-oldrel-windows-ix86+x86_64 1.3 4.00 52.00 56.00 OK

Check Details

Version: 1.3
Check: dependencies in R code
Result: NOTE
    Namespaces in Imports field not imported from:
     ‘Matrix’ ‘stringr’
     All declared Imports should be used.
Flavors: r-devel-linux-x86_64-fedora-clang, r-devel-linux-x86_64-fedora-gcc, r-patched-solaris-x86, r-release-macos-x86_64, r-oldrel-macos-x86_64