CRAN Package Check Results for Package CBDA

Last updated on 2020-11-25 23:51:33 CET.

Flavor Version Tinstall Tcheck Ttotal Status Flags
r-devel-linux-x86_64-debian-clang 1.0.0 5.10 249.90 255.00 OK
r-devel-linux-x86_64-debian-gcc 1.0.0 4.52 193.83 198.35 OK
r-devel-linux-x86_64-fedora-clang 1.0.0 352.44 NOTE
r-devel-linux-x86_64-fedora-gcc 1.0.0 311.74 NOTE
r-devel-windows-ix86+x86_64 1.0.0 10.00 263.00 273.00 OK
r-patched-linux-x86_64 1.0.0 5.77 227.34 233.11 OK
r-patched-solaris-x86 1.0.0 645.40 NOTE
r-release-linux-x86_64 1.0.0 5.15 226.71 231.86 OK
r-release-macos-x86_64 1.0.0 NOTE
r-release-windows-ix86+x86_64 1.0.0 9.00 213.00 222.00 OK
r-oldrel-macos-x86_64 1.0.0 NOTE
r-oldrel-windows-ix86+x86_64 1.0.0 5.00 207.00 212.00 OK

Check Details

Version: 1.0.0
Check: dependencies in R code
Result: NOTE
    Namespace in Imports field not imported from: ‘prettydoc’
     All declared Imports should be used.
Flavors: r-devel-linux-x86_64-fedora-clang, r-devel-linux-x86_64-fedora-gcc, r-patched-solaris-x86, r-release-macos-x86_64, r-oldrel-macos-x86_64