CRAN Package Check Results for Package CB2

Last updated on 2022-11-29 22:53:32 CET.

Flavor Version Tinstall Tcheck Ttotal Status Flags
r-devel-linux-x86_64-debian-clang 1.3.4 43.31 107.98 151.29 OK
r-devel-linux-x86_64-debian-gcc 1.3.4 36.91 79.46 116.37 OK
r-devel-linux-x86_64-fedora-clang 1.3.4 211.79 OK
r-devel-linux-x86_64-fedora-gcc 1.3.4 200.52 OK
r-devel-windows-x86_64 1.3.4 53.00 964.00 1017.00 OK
r-patched-linux-x86_64 1.3.4 36.95 100.60 137.55 OK
r-release-linux-x86_64 1.3.4 42.16 95.23 137.39 OK
r-release-macos-arm64 1.3.4 58.00 NOTE
r-release-macos-x86_64 1.3.4 88.00 NOTE
r-release-windows-x86_64 1.3.4 77.00 1243.00 1320.00 OK
r-oldrel-macos-arm64 1.3.4 77.00 NOTE
r-oldrel-macos-x86_64 1.3.4 115.00 NOTE
r-oldrel-windows-ix86+x86_64 1.3.4 106.00 202.00 308.00 NOTE

Check Details

Version: 1.3.4
Check: installed package size
Result: NOTE
     installed size is 6.5Mb
     sub-directories of 1Mb or more:
     data 1.6Mb
     extdata 1.1Mb
     libs 3.3Mb
Flavors: r-release-macos-arm64, r-release-macos-x86_64, r-oldrel-macos-arm64, r-oldrel-macos-x86_64, r-oldrel-windows-ix86+x86_64