CRAN Package Check Results for Package CAMML

Last updated on 2022-06-26 23:51:53 CEST.

Flavor Version Tinstall Tcheck Ttotal Status Flags
r-devel-linux-x86_64-debian-clang 0.2.2 47.23 400.75 447.98 OK
r-devel-linux-x86_64-debian-gcc 0.2.2 39.93 298.78 338.71 OK
r-devel-linux-x86_64-fedora-clang 0.2.2 546.07 WARN
r-devel-linux-x86_64-fedora-gcc 0.2.2 531.24 WARN
r-devel-windows-x86_64 0.2.2 43.00 400.00 443.00 OK
r-patched-linux-x86_64 0.2.2 41.78 378.62 420.40 OK
r-release-linux-x86_64 0.2.2 31.23 380.34 411.57 OK
r-release-macos-arm64 0.2.2 142.00 OK
r-release-macos-x86_64 0.2.2 193.00 OK
r-release-windows-x86_64 0.2.2 46.00 404.00 450.00 OK
r-oldrel-macos-arm64 0.2.2 139.00 OK
r-oldrel-macos-x86_64 0.2.2 183.00 OK
r-oldrel-windows-ix86+x86_64 0.2.2 96.00 391.00 487.00 OK

Check Details

Version: 0.2.2
Check: package dependencies
Result: WARN
    Requires (indirectly) orphaned package: ‘gtools’
Flavors: r-devel-linux-x86_64-fedora-clang, r-devel-linux-x86_64-fedora-gcc