CRAN Package Check Results for Package CADStat

Last updated on 2023-01-26 23:55:45 CET.

Flavor Version Tinstall Tcheck Ttotal Status Flags
r-devel-linux-x86_64-debian-clang 3.0.8 16.19 122.35 138.54 NOTE
r-devel-linux-x86_64-debian-gcc 3.0.8 13.13 92.84 105.97 NOTE
r-devel-linux-x86_64-fedora-clang 3.0.8 183.11 NOTE
r-devel-linux-x86_64-fedora-gcc 3.0.8 172.69 NOTE
r-devel-windows-x86_64 3.0.8 61.00 146.00 207.00 NOTE
r-patched-linux-x86_64 3.0.8 18.74 134.34 153.08 NOTE
r-release-linux-x86_64 3.0.8 19.88 133.74 153.62 NOTE
r-release-macos-arm64 3.0.8 78.00 NOTE
r-release-macos-x86_64 3.0.8 154.00 NOTE
r-release-windows-x86_64 3.0.8 66.00 143.00 209.00 NOTE
r-oldrel-macos-arm64 3.0.8 121.00 NOTE
r-oldrel-macos-x86_64 3.0.8 144.00 NOTE
r-oldrel-windows-ix86+x86_64 3.0.8 36.00 138.00 174.00 NOTE

Check Details

Version: 3.0.8
Check: LazyData
Result: NOTE
     'LazyData' is specified without a 'data' directory
Flavors: r-devel-linux-x86_64-debian-clang, r-devel-linux-x86_64-debian-gcc, r-devel-linux-x86_64-fedora-clang, r-devel-linux-x86_64-fedora-gcc, r-devel-windows-x86_64, r-patched-linux-x86_64, r-release-linux-x86_64, r-release-macos-arm64, r-release-macos-x86_64, r-release-windows-x86_64, r-oldrel-macos-arm64, r-oldrel-macos-x86_64, r-oldrel-windows-ix86+x86_64