CRAN Package Check Results for Package CADStat

Last updated on 2019-11-10 23:48:22 CET.

Flavor Version Tinstall Tcheck Ttotal Status Flags
r-devel-linux-x86_64-debian-clang 3.0.8 16.53 106.06 122.59 OK
r-devel-linux-x86_64-debian-gcc 3.0.8 12.84 84.07 96.91 OK
r-devel-linux-x86_64-fedora-clang 3.0.8 158.54 OK
r-devel-linux-x86_64-fedora-gcc 3.0.8 156.28 OK
r-devel-windows-ix86+x86_64 3.0.8 18.00 6.00 24.00 ERROR
r-patched-linux-x86_64 3.0.8 16.27 103.68 119.95 OK
r-patched-solaris-x86 3.0.8 226.10 OK
r-release-linux-x86_64 3.0.8 15.10 103.81 118.91 OK
r-release-windows-ix86+x86_64 3.0.8 44.00 156.00 200.00 OK
r-release-osx-x86_64 3.0.8 OK
r-oldrel-windows-ix86+x86_64 3.0.8 27.00 155.00 182.00 OK
r-oldrel-osx-x86_64 3.0.8 OK

Check Details

Version: 3.0.8
Check: whether package can be installed
Result: ERROR
    Installation failed.
Flavor: r-devel-windows-ix86+x86_64