CRAN Package Check Results for Package C50

Last updated on 2019-06-07 02:50:45 CEST.

Flavor Version Tinstall Tcheck Ttotal Status Flags
r-devel-linux-x86_64-debian-clang 0.1.2 19.85 73.07 92.92 OK
r-devel-linux-x86_64-debian-gcc 0.1.2 14.66 58.25 72.91 WARN
r-devel-linux-x86_64-fedora-clang 0.1.2 111.22 OK
r-devel-linux-x86_64-fedora-gcc 0.1.2 108.15 WARN
r-devel-windows-ix86+x86_64 0.1.2 80.00 156.00 236.00 OK
r-patched-linux-x86_64 0.1.2 15.54 71.66 87.20 WARN
r-patched-solaris-x86 0.1.2 174.20 OK
r-release-linux-x86_64 0.1.2 15.85 71.92 87.77 WARN
r-release-windows-ix86+x86_64 0.1.2 113.00 160.00 273.00 NOTE
r-release-osx-x86_64 0.1.2 OK
r-oldrel-windows-ix86+x86_64 0.1.2 75.00 143.00 218.00 OK
r-oldrel-osx-x86_64 0.1.2 OK

Additional issues

LTO

Check Details

Version: 0.1.2
Check: whether package can be installed
Result: WARN
    Found the following significant warnings:
     hash.c:144:5: warning: ‘strncpy’ specified bound 2048 equals destination size [-Wstringop-truncation]
Flavors: r-devel-linux-x86_64-debian-gcc, r-devel-linux-x86_64-fedora-gcc, r-patched-linux-x86_64, r-release-linux-x86_64

Version: 0.1.2
Check: whether package can be installed
Result: NOTE
    Found the following notes/warnings:
     Non-staged installation was used
Flavor: r-release-windows-ix86+x86_64