CRAN Package Check Results for Package C50

Last updated on 2019-09-08 23:47:09 CEST.

Flavor Version Tinstall Tcheck Ttotal Status Flags
r-devel-linux-x86_64-debian-clang 0.1.2 WARN
r-devel-linux-x86_64-debian-gcc 0.1.2 15.92 58.42 74.34 WARN
r-devel-linux-x86_64-fedora-clang 0.1.2 113.01 WARN
r-devel-linux-x86_64-fedora-gcc 0.1.2 112.75 WARN
r-devel-windows-ix86+x86_64 0.1.2 75.00 149.00 224.00 WARN
r-patched-linux-x86_64 0.1.2 18.81 72.09 90.90 WARN
r-patched-solaris-x86 0.1.2 185.80 OK
r-release-linux-x86_64 0.1.2 16.69 70.80 87.49 WARN
r-release-windows-ix86+x86_64 0.1.2 58.00 117.00 175.00 OK
r-release-osx-x86_64 0.1.2 OK
r-oldrel-windows-ix86+x86_64 0.1.2 72.00 108.00 180.00 OK
r-oldrel-osx-x86_64 0.1.2 OK

Additional issues

LTO

Check Details

Version: 0.1.2
Check: whether package can be installed
Result: WARN
    Found the following significant warnings:
     rulebasedmodels.c:65:3: warning: expression result unused [-Wunused-value]
     rulebasedmodels.c:75:3: warning: expression result unused [-Wunused-value]
     rulebasedmodels.c:76:3: warning: expression result unused [-Wunused-value]
     rulebasedmodels.c:115:3: warning: expression result unused [-Wunused-value]
     rulebasedmodels.c:128:3: warning: expression result unused [-Wunused-value]
     rulebasedmodels.c:143:3: warning: expression result unused [-Wunused-value]
     rulebasedmodels.c:151:3: warning: expression result unused [-Wunused-value]
     rulebasedmodels.c:161:3: warning: expression result unused [-Wunused-value]
     rulebasedmodels.c:162:3: warning: expression result unused [-Wunused-value]
     rulebasedmodels.c:178:3: warning: expression result unused [-Wunused-value]
Flavors: r-devel-linux-x86_64-debian-clang, r-devel-linux-x86_64-fedora-clang

Version: 0.1.2
Check: whether package can be installed
Result: WARN
    Found the following significant warnings:
     /usr/include/x86_64-linux-gnu/bits/string_fortified.h:106:10: warning: ‘__builtin_strncpy’ specified bound 2048 equals destination size [-Wstringop-truncation]
     rulebasedmodels.c:65:3: warning: statement with no effect [-Wunused-value]
     rulebasedmodels.c:75:3: warning: statement with no effect [-Wunused-value]
     rulebasedmodels.c:76:3: warning: statement with no effect [-Wunused-value]
     rulebasedmodels.c:115:3: warning: statement with no effect [-Wunused-value]
     rulebasedmodels.c:128:3: warning: statement with no effect [-Wunused-value]
     rulebasedmodels.c:143:3: warning: statement with no effect [-Wunused-value]
     rulebasedmodels.c:151:3: warning: statement with no effect [-Wunused-value]
     rulebasedmodels.c:161:3: warning: statement with no effect [-Wunused-value]
     rulebasedmodels.c:162:3: warning: statement with no effect [-Wunused-value]
     rulebasedmodels.c:178:3: warning: statement with no effect [-Wunused-value]
Flavor: r-devel-linux-x86_64-debian-gcc

Version: 0.1.2
Check: whether package can be installed
Result: WARN
    Found the following significant warnings:
     /usr/include/bits/string_fortified.h:106:10: warning: ‘__builtin_strncpy’ specified bound 2048 equals destination size [-Wstringop-truncation]
     rulebasedmodels.c:65:3: warning: statement with no effect [-Wunused-value]
     rulebasedmodels.c:75:3: warning: statement with no effect [-Wunused-value]
     rulebasedmodels.c:76:3: warning: statement with no effect [-Wunused-value]
     rulebasedmodels.c:115:3: warning: statement with no effect [-Wunused-value]
     rulebasedmodels.c:128:3: warning: statement with no effect [-Wunused-value]
     rulebasedmodels.c:143:3: warning: statement with no effect [-Wunused-value]
     rulebasedmodels.c:151:3: warning: statement with no effect [-Wunused-value]
     rulebasedmodels.c:161:3: warning: statement with no effect [-Wunused-value]
     rulebasedmodels.c:162:3: warning: statement with no effect [-Wunused-value]
     rulebasedmodels.c:178:3: warning: statement with no effect [-Wunused-value]
Flavor: r-devel-linux-x86_64-fedora-gcc

Version: 0.1.2
Check: whether package can be installed
Result: WARN
    Found the following significant warnings:
     rulebasedmodels.c:65:3: warning: statement with no effect [-Wunused-value]
     rulebasedmodels.c:75:3: warning: statement with no effect [-Wunused-value]
     rulebasedmodels.c:76:3: warning: statement with no effect [-Wunused-value]
     rulebasedmodels.c:115:3: warning: statement with no effect [-Wunused-value]
     rulebasedmodels.c:128:3: warning: statement with no effect [-Wunused-value]
     rulebasedmodels.c:143:3: warning: statement with no effect [-Wunused-value]
     rulebasedmodels.c:151:3: warning: statement with no effect [-Wunused-value]
     rulebasedmodels.c:161:3: warning: statement with no effect [-Wunused-value]
     rulebasedmodels.c:162:3: warning: statement with no effect [-Wunused-value]
     rulebasedmodels.c:178:3: warning: statement with no effect [-Wunused-value]
Flavor: r-devel-windows-ix86+x86_64

Version: 0.1.2
Check: whether package can be installed
Result: WARN
    Found the following significant warnings:
     hash.c:144:5: warning: ‘strncpy’ specified bound 2048 equals destination size [-Wstringop-truncation]
Flavors: r-patched-linux-x86_64, r-release-linux-x86_64