CRAN Package Check Results for Package C443

Last updated on 2022-06-28 23:53:59 CEST.

Flavor Version Tinstall Tcheck Ttotal Status Flags
r-devel-linux-x86_64-debian-clang 3.2.3 11.53 137.78 149.31 OK
r-devel-linux-x86_64-debian-gcc 3.2.3 11.11 100.29 111.40 OK
r-devel-linux-x86_64-fedora-clang 3.2.3 188.89 WARN
r-devel-linux-x86_64-fedora-gcc 3.2.3 180.83 WARN
r-devel-windows-x86_64 3.2.3 22.00 170.00 192.00 OK
r-patched-linux-x86_64 3.2.3 8.75 127.11 135.86 OK
r-release-linux-x86_64 3.2.3 7.94 128.73 136.67 OK
r-release-macos-arm64 3.2.3 46.00 NOTE
r-release-macos-x86_64 3.2.3 84.00 NOTE
r-release-windows-x86_64 3.2.3 26.00 145.00 171.00 OK
r-oldrel-macos-arm64 3.2.3 42.00 NOTE
r-oldrel-macos-x86_64 3.2.3 66.00 NOTE
r-oldrel-windows-ix86+x86_64 3.2.3 31.00 150.00 181.00 OK

Check Details

Version: 3.2.3
Check: package dependencies
Result: WARN
    Requires (indirectly) orphaned package: ‘gtools’
Flavors: r-devel-linux-x86_64-fedora-clang, r-devel-linux-x86_64-fedora-gcc

Version: 3.2.3
Check: dependencies in R code
Result: NOTE
    Namespaces in Imports field not imported from:
     ‘qgraph’ ‘reshape2’
     All declared Imports should be used.
Flavors: r-devel-linux-x86_64-fedora-clang, r-devel-linux-x86_64-fedora-gcc, r-release-macos-arm64, r-release-macos-x86_64, r-oldrel-macos-arm64, r-oldrel-macos-x86_64