CRAN Package Check Results for Package BosonSampling

Last updated on 2019-11-10 23:48:22 CET.

Flavor Version Tinstall Tcheck Ttotal Status Flags
r-devel-linux-x86_64-debian-clang 0.1.1 48.33 24.78 73.11 NOTE
r-devel-linux-x86_64-debian-gcc 0.1.1 34.01 19.24 53.25 NOTE
r-devel-linux-x86_64-fedora-clang 0.1.1 110.60 NOTE
r-devel-linux-x86_64-fedora-gcc 0.1.1 99.17 NOTE
r-devel-windows-ix86+x86_64 0.1.1 84.00 77.00 161.00 OK
r-patched-linux-x86_64 0.1.1 40.09 25.14 65.23 NOTE
r-patched-solaris-x86 0.1.1 108.60 OK
r-release-linux-x86_64 0.1.1 38.39 25.01 63.40 NOTE
r-release-windows-ix86+x86_64 0.1.1 103.00 68.00 171.00 OK
r-release-osx-x86_64 0.1.1 OK
r-oldrel-windows-ix86+x86_64 0.1.1 105.00 66.00 171.00 OK
r-oldrel-osx-x86_64 0.1.1 OK

Check Details

Version: 0.1.1
Check: use of SHLIB_OPENMP_*FLAGS in Makefiles
Result: NOTE
     src/Makevars: SHLIB_OPENMP_CXXFLAGS is included in PKG_CXXFLAGS but not in PKG_LIBS
     src/Makevars: SHLIB_OPENMP_CFLAGS is included in PKG_LIBS but linking is by C++
     src/Makevars.win: SHLIB_OPENMP_CXXFLAGS is included in PKG_CXXFLAGS but not in PKG_LIBS
     src/Makevars.win: SHLIB_OPENMP_CFLAGS is included in PKG_LIBS but linking is by C++
    Use of these macros is discussed in sect 1.2.1.1 of 'Writing R
    Extensions'. The macros for different languages may differ so the
    matching macro must be used in PKG_CXXFLAGS (etc) and match that used
    in PKG_LIBS (except for Fortran: see the manual).
Flavors: r-devel-linux-x86_64-debian-clang, r-devel-linux-x86_64-debian-gcc, r-devel-linux-x86_64-fedora-clang, r-devel-linux-x86_64-fedora-gcc, r-patched-linux-x86_64, r-release-linux-x86_64