CRAN Package Check Results for Package BosonSampling

Last updated on 2019-07-22 06:47:34 CEST.

Flavor Version Tinstall Tcheck Ttotal Status Flags
r-devel-linux-x86_64-debian-clang 0.1.1 41.78 24.47 66.25 NOTE
r-devel-linux-x86_64-debian-gcc 0.1.1 31.19 19.66 50.85 NOTE
r-devel-linux-x86_64-fedora-clang 0.1.1 101.20 NOTE
r-devel-linux-x86_64-fedora-gcc 0.1.1 93.61 NOTE
r-devel-windows-ix86+x86_64 0.1.1 72.00 86.00 158.00 OK
r-patched-linux-x86_64 0.1.1 38.35 25.25 63.60 NOTE
r-patched-solaris-x86 0.1.1 110.50 OK
r-release-linux-x86_64 0.1.1 41.40 25.28 66.68 NOTE
r-release-windows-ix86+x86_64 0.1.1 81.00 59.00 140.00 OK
r-release-osx-x86_64 0.1.1 OK
r-oldrel-windows-ix86+x86_64 0.1.1 99.00 78.00 177.00 OK
r-oldrel-osx-x86_64 0.1.1 OK

Check Details

Version: 0.1.1
Check: use of SHLIB_OPENMP_*FLAGS in Makefiles
Result: NOTE
     src/Makevars: SHLIB_OPENMP_CXXFLAGS is included in PKG_CXXFLAGS but not in PKG_LIBS
     src/Makevars: SHLIB_OPENMP_CFLAGS is included in PKG_LIBS but linking is by C++
     src/Makevars.win: SHLIB_OPENMP_CXXFLAGS is included in PKG_CXXFLAGS but not in PKG_LIBS
     src/Makevars.win: SHLIB_OPENMP_CFLAGS is included in PKG_LIBS but linking is by C++
    Use of these macros is discussed in sect 1.2.1.1 of 'Writing R
    Extensions'. The macros for different languages may differ so the
    matching macro must be used in PKG_CXXFLAGS (etc) and match that used
    in PKG_LIBS (except for Fortran: see the manual).
Flavors: r-devel-linux-x86_64-debian-clang, r-devel-linux-x86_64-debian-gcc, r-devel-linux-x86_64-fedora-clang, r-devel-linux-x86_64-fedora-gcc, r-patched-linux-x86_64, r-release-linux-x86_64