Last updated on 2023-06-09 00:54:17 CEST.
Flavor | Version | Tinstall | Tcheck | Ttotal | Status | Flags |
---|---|---|---|---|---|---|
r-devel-linux-x86_64-debian-clang | 1.2.5 | 47.09 | 118.32 | 165.41 | NOTE | |
r-devel-linux-x86_64-debian-gcc | 1.2.5 | 44.12 | 89.43 | 133.55 | NOTE | |
r-devel-linux-x86_64-fedora-clang | 1.2.5 | 221.37 | NOTE | |||
r-devel-linux-x86_64-fedora-gcc | 1.2.5 | 227.66 | NOTE | |||
r-devel-windows-x86_64 | 1.2.5 | 44.00 | 201.00 | 245.00 | NOTE | |
r-patched-linux-x86_64 | 1.2.5 | 48.72 | 113.00 | 161.72 | NOTE | |
r-release-linux-x86_64 | 1.2.5 | 44.75 | 117.71 | 162.46 | NOTE | |
r-release-macos-arm64 | 1.2.5 | 80.00 | NOTE | |||
r-release-macos-x86_64 | 1.2.5 | 126.00 | NOTE | |||
r-release-windows-x86_64 | 1.2.5 | 55.00 | 223.00 | 278.00 | NOTE | |
r-oldrel-macos-arm64 | 1.2.5 | 85.00 | NOTE | |||
r-oldrel-macos-x86_64 | 1.2.5 | 96.00 | NOTE | |||
r-oldrel-windows-x86_64 | 1.2.5 | 53.00 | 222.00 | 275.00 | OK |
Version: 1.2.5
Check: C++ specification
Result: NOTE
Specified C++11: please drop specification unless essential
Flavors: r-devel-linux-x86_64-debian-clang, r-devel-linux-x86_64-debian-gcc, r-devel-linux-x86_64-fedora-clang, r-devel-linux-x86_64-fedora-gcc, r-devel-windows-x86_64, r-patched-linux-x86_64, r-release-linux-x86_64, r-release-macos-arm64, r-release-macos-x86_64, r-release-windows-x86_64
Version: 1.2.5
Check: installed package size
Result: NOTE
installed size is 6.2Mb
sub-directories of 1Mb or more:
libs 5.6Mb
Flavors: r-devel-linux-x86_64-fedora-clang, r-release-macos-arm64, r-release-macos-x86_64, r-oldrel-macos-arm64, r-oldrel-macos-x86_64