Last updated on 2023-06-10 00:54:40 CEST.
Flavor | Version | Tinstall | Tcheck | Ttotal | Status | Flags |
---|---|---|---|---|---|---|
r-devel-linux-x86_64-debian-clang | 0.9.11 | 2267.77 | 49.07 | 2316.84 | NOTE | |
r-devel-linux-x86_64-debian-gcc | 0.9.11 | 1734.65 | 52.05 | 1786.70 | NOTE | |
r-devel-linux-x86_64-fedora-clang | 0.9.11 | 3429.24 | NOTE | |||
r-devel-linux-x86_64-fedora-gcc | 0.9.11 | 3298.23 | NOTE | |||
r-devel-windows-x86_64 | 0.9.11 | 265.00 | 82.00 | 347.00 | NOTE | |
r-patched-linux-x86_64 | 0.9.11 | 2065.71 | 66.11 | 2131.82 | NOTE | |
r-release-linux-x86_64 | 0.9.11 | 2051.54 | 66.08 | 2117.62 | NOTE | |
r-release-macos-arm64 | 0.9.11 | 163.00 | NOTE | |||
r-release-macos-x86_64 | 0.9.11 | 281.00 | NOTE | |||
r-release-windows-x86_64 | 0.9.11 | 283.00 | 89.00 | 372.00 | NOTE | |
r-oldrel-macos-arm64 | 0.9.11 | 174.00 | NOTE | |||
r-oldrel-macos-x86_64 | 0.9.11 | 347.00 | NOTE | |||
r-oldrel-windows-x86_64 | 0.9.11 | 327.00 | 83.00 | 410.00 | NOTE |
Version: 0.9.11
Check: for GNU extensions in Makefiles
Result: NOTE
GNU make is a SystemRequirements.
Flavors: r-devel-linux-x86_64-debian-clang, r-devel-linux-x86_64-debian-gcc, r-devel-linux-x86_64-fedora-clang, r-devel-linux-x86_64-fedora-gcc, r-devel-windows-x86_64, r-patched-linux-x86_64, r-release-linux-x86_64, r-release-macos-arm64, r-release-macos-x86_64, r-release-windows-x86_64, r-oldrel-macos-arm64, r-oldrel-macos-x86_64, r-oldrel-windows-x86_64
Version: 0.9.11
Check: installed package size
Result: NOTE
installed size is 47.7Mb
sub-directories of 1Mb or more:
include 10.5Mb
lib 36.8Mb
Flavors: r-devel-linux-x86_64-fedora-clang, r-devel-windows-x86_64, r-release-macos-arm64, r-release-macos-x86_64, r-release-windows-x86_64, r-oldrel-macos-arm64, r-oldrel-macos-x86_64, r-oldrel-windows-x86_64