Last updated on 2021-04-17 23:48:19 CEST.
Flavor | Version | Tinstall | Tcheck | Ttotal | Status | Flags |
---|---|---|---|---|---|---|
r-devel-linux-x86_64-debian-clang | 2.1.5 | 18.52 | 168.98 | 187.50 | NOTE | |
r-devel-linux-x86_64-debian-gcc | 2.1.5 | 15.68 | 120.50 | 136.18 | NOTE | |
r-devel-linux-x86_64-fedora-clang | 2.1.5 | 236.28 | NOTE | |||
r-devel-linux-x86_64-fedora-gcc | 2.1.5 | 296.61 | NOTE | |||
r-devel-windows-ix86+x86_64 | 2.1.5 | 70.00 | 258.00 | 328.00 | OK | |
r-devel-windows-x86_64-gcc10-UCRT | 2.1.5 | OK | ||||
r-patched-linux-x86_64 | 2.1.5 | 17.83 | 161.79 | 179.62 | NOTE | |
r-patched-solaris-x86 | 2.1.5 | 159.70 | WARN | |||
r-release-linux-x86_64 | 2.1.5 | 16.68 | 159.89 | 176.57 | NOTE | |
r-release-macos-x86_64 | 2.1.5 | OK | ||||
r-release-windows-ix86+x86_64 | 2.1.5 | 55.00 | 222.00 | 277.00 | OK | |
r-oldrel-macos-x86_64 | 2.1.5 | OK | ||||
r-oldrel-windows-ix86+x86_64 | 2.1.5 | 49.00 | 219.00 | 268.00 | OK |
Version: 2.1.5
Check: for non-standard things in the check directory
Result: NOTE
Found the following files/directories:
'attractors.tex' 'cellcycle.sbml' 'cellcycle.txt' 'pajek_export.net'
'sequence.txt' 'testNet.bn'
Flavors: r-devel-linux-x86_64-debian-clang, r-devel-linux-x86_64-debian-gcc, r-devel-linux-x86_64-fedora-clang, r-devel-linux-x86_64-fedora-gcc, r-patched-linux-x86_64, r-patched-solaris-x86, r-release-linux-x86_64
Version: 2.1.5
Check: re-building of vignette outputs
Result: WARN
Error(s) in re-building vignettes:
...
--- re-building ‘BoolNet_package_vignette.Snw.Rnw’ using Sweave
Error: processing vignette 'BoolNet_package_vignette.Snw.Rnw' failed with diagnostics:
chunk 13
Error in net$interactions[[idx]][[functionIndices[idx]]] :
subscript out of bounds
--- failed re-building ‘BoolNet_package_vignette.Snw.Rnw’
SUMMARY: processing the following file failed:
‘BoolNet_package_vignette.Snw.Rnw’
Error: Vignette re-building failed.
Execution halted
Flavor: r-patched-solaris-x86