CRAN Package Check Results for Package Bivariate.Pareto

Last updated on 2022-06-30 23:52:08 CEST.

Flavor Version Tinstall Tcheck Ttotal Status Flags
r-devel-linux-x86_64-debian-clang 1.0.3 16.28 84.53 100.81 NOTE
r-devel-linux-x86_64-debian-gcc 1.0.3 10.90 63.64 74.54 NOTE
r-devel-linux-x86_64-fedora-clang 1.0.3 129.06 NOTE
r-devel-linux-x86_64-fedora-gcc 1.0.3 129.00 NOTE
r-devel-windows-x86_64 1.0.3 37.00 102.00 139.00 NOTE
r-patched-linux-x86_64 1.0.3 14.98 81.92 96.90 NOTE
r-release-linux-x86_64 1.0.3 13.50 82.87 96.37 NOTE
r-release-macos-arm64 1.0.3 37.00 NOTE
r-release-macos-x86_64 1.0.3 50.00 NOTE
r-release-windows-x86_64 1.0.3 51.00 96.00 147.00 NOTE
r-oldrel-macos-arm64 1.0.3 38.00 NOTE
r-oldrel-macos-x86_64 1.0.3 62.00 NOTE
r-oldrel-windows-ix86+x86_64 1.0.3 29.00 97.00 126.00 NOTE

Check Details

Version: 1.0.3
Check: LazyData
Result: NOTE
     'LazyData' is specified without a 'data' directory
Flavors: r-devel-linux-x86_64-debian-clang, r-devel-linux-x86_64-debian-gcc, r-devel-linux-x86_64-fedora-clang, r-devel-linux-x86_64-fedora-gcc, r-devel-windows-x86_64, r-patched-linux-x86_64, r-release-linux-x86_64, r-release-macos-arm64, r-release-macos-x86_64, r-release-windows-x86_64, r-oldrel-macos-arm64, r-oldrel-macos-x86_64, r-oldrel-windows-ix86+x86_64