CRAN Package Check Results for Package Bioi

Last updated on 2021-04-21 23:47:56 CEST.

Flavor Version Tinstall Tcheck Ttotal Status Flags
r-devel-linux-x86_64-debian-clang 0.2.10 31.34 62.45 93.79 NOTE
r-devel-linux-x86_64-debian-gcc 0.2.10 19.87 48.05 67.92 NOTE
r-devel-linux-x86_64-fedora-clang 0.2.10 130.31 NOTE
r-devel-linux-x86_64-fedora-gcc 0.2.10 113.13 NOTE
r-devel-windows-ix86+x86_64 0.2.10 73.00 123.00 196.00 NOTE
r-devel-windows-x86_64-gcc10-UCRT 0.2.10 NOTE
r-patched-linux-x86_64 0.2.10 23.35 58.86 82.21 OK
r-patched-solaris-x86 0.2.10 142.50 OK
r-release-linux-x86_64 0.2.10 23.32 58.73 82.05 OK
r-release-macos-x86_64 0.2.10 OK
r-release-windows-ix86+x86_64 0.2.10 70.00 122.00 192.00 OK
r-oldrel-macos-x86_64 0.2.10 OK
r-oldrel-windows-ix86+x86_64 0.2.10 88.00 119.00 207.00 OK

Check Details

Version: 0.2.10
Check: LazyData
Result: NOTE
     'LazyData' is specified without a 'data' directory
Flavors: r-devel-linux-x86_64-debian-clang, r-devel-linux-x86_64-debian-gcc, r-devel-linux-x86_64-fedora-clang, r-devel-linux-x86_64-fedora-gcc, r-devel-windows-ix86+x86_64, r-devel-windows-x86_64-gcc10-UCRT