CRAN Package Check Results for Package BinaryEPPM

Last updated on 2021-02-25 23:48:52 CET.

Flavor Version Tinstall Tcheck Ttotal Status Flags
r-devel-linux-x86_64-debian-clang 2.3 11.95 83.68 95.63 OK
r-devel-linux-x86_64-debian-gcc 2.3 9.54 64.20 73.74 OK
r-devel-linux-x86_64-fedora-clang 2.3 124.25 NOTE
r-devel-linux-x86_64-fedora-gcc 2.3 123.04 OK
r-devel-windows-ix86+x86_64 2.3 16.00 84.00 100.00 OK
r-patched-linux-x86_64 2.3 12.16 79.31 91.47 OK
r-patched-solaris-x86 2.3 160.60 OK
r-release-linux-x86_64 2.3 12.82 78.62 91.44 OK
r-release-macos-x86_64 2.3 OK
r-release-windows-ix86+x86_64 2.3 26.00 120.00 146.00 OK
r-oldrel-macos-x86_64 2.3 OK
r-oldrel-windows-ix86+x86_64 2.3 13.00 101.00 114.00 OK

Check Details

Version: 2.3
Check: Rd cross-references
Result: NOTE
    Undeclared packages ‘CountsEPPM’, ‘betareg’ in Rd xrefs
Flavor: r-devel-linux-x86_64-fedora-clang