Last updated on 2021-04-22 23:49:33 CEST.
Flavor | Version | Tinstall | Tcheck | Ttotal | Status | Flags |
---|---|---|---|---|---|---|
r-devel-linux-x86_64-debian-clang | 1.0.0 | 46.43 | 101.96 | 148.39 | NOTE | |
r-devel-linux-x86_64-debian-gcc | 1.0.0 | 31.57 | 78.08 | 109.65 | NOTE | |
r-devel-linux-x86_64-fedora-clang | 1.0.0 | 197.63 | NOTE | |||
r-devel-linux-x86_64-fedora-gcc | 1.0.0 | 181.91 | NOTE | |||
r-devel-windows-ix86+x86_64 | 1.0.0 | 105.00 | 169.00 | 274.00 | NOTE | |
r-devel-windows-x86_64-gcc10-UCRT | 1.0.0 | NOTE | ||||
r-patched-linux-x86_64 | 1.0.0 | 38.70 | 96.01 | 134.71 | OK | |
r-patched-solaris-x86 | 1.0.0 | 218.90 | OK | |||
r-release-linux-x86_64 | 1.0.0 | 36.97 | 93.61 | 130.58 | OK | |
r-release-macos-x86_64 | 1.0.0 | OK | ||||
r-release-windows-ix86+x86_64 | 1.0.0 | 99.00 | 146.00 | 245.00 | OK | |
r-oldrel-macos-x86_64 | 1.0.0 | OK | ||||
r-oldrel-windows-ix86+x86_64 | 1.0.0 | 92.00 | 158.00 | 250.00 | OK |
Version: 1.0.0
Check: LazyData
Result: NOTE
'LazyData' is specified without a 'data' directory
Flavors: r-devel-linux-x86_64-debian-clang, r-devel-linux-x86_64-debian-gcc, r-devel-linux-x86_64-fedora-clang, r-devel-linux-x86_64-fedora-gcc, r-devel-windows-ix86+x86_64, r-devel-windows-x86_64-gcc10-UCRT