CRAN Package Check Results for Package BigQuic

Last updated on 2022-01-19 23:48:53 CET.

Flavor Version Tinstall Tcheck Ttotal Status Flags
r-devel-linux-x86_64-debian-clang 1.1-10 NOTE
r-devel-linux-x86_64-debian-gcc 1.1-10 38.92 69.84 108.76 NOTE
r-devel-linux-x86_64-fedora-clang 1.1-10 174.86 NOTE
r-devel-linux-x86_64-fedora-gcc 1.1-10 152.45 NOTE
r-devel-windows-x86_64-new-UL 1.1-10 124.00 120.00 244.00 NOTE
r-devel-windows-x86_64-new-TK 1.1-10 NOTE
r-patched-linux-x86_64 1.1-10 42.98 74.93 117.91 NOTE
r-release-linux-x86_64 1.1-10 NOTE
r-release-macos-arm64 1.1-10 NOTE
r-release-macos-x86_64 1.1-10 NOTE
r-release-windows-ix86+x86_64 1.1-10 153.00 119.00 272.00 OK
r-oldrel-macos-x86_64 1.1-9.1 OK
r-oldrel-windows-ix86+x86_64 1.1-10 152.00 120.00 272.00 OK

Check Details

Version: 1.1-10
Check: Rd cross-references
Result: NOTE
    Unknown package 'QUIC' in Rd xrefs
Flavors: r-devel-linux-x86_64-debian-clang, r-devel-linux-x86_64-debian-gcc, r-devel-linux-x86_64-fedora-gcc, r-devel-windows-x86_64-new-UL, r-devel-windows-x86_64-new-TK, r-patched-linux-x86_64, r-release-linux-x86_64, r-release-macos-arm64, r-release-macos-x86_64

Version: 1.1-10
Check: Rd cross-references
Result: NOTE
    Undeclared package ‘QUIC’ in Rd xrefs
    Unknown package ‘QUIC’ in Rd xrefs
Flavor: r-devel-linux-x86_64-fedora-clang