CRAN Package Check Results for Package BiDimRegression

Last updated on 2020-05-24 23:47:39 CEST.

Flavor Version Tinstall Tcheck Ttotal Status Flags
r-devel-linux-x86_64-debian-clang 2.0.0 3.64 33.73 37.37 NOTE
r-devel-linux-x86_64-debian-gcc 2.0.0 2.58 26.43 29.01 NOTE
r-devel-linux-x86_64-fedora-clang 2.0.0 47.13 NOTE
r-devel-linux-x86_64-fedora-gcc 2.0.0 45.87 NOTE
r-devel-windows-ix86+x86_64 2.0.0 12.00 60.00 72.00 OK
r-patched-linux-x86_64 2.0.0 3.14 33.51 36.65 NOTE
r-patched-solaris-x86 2.0.0 66.50 NOTE
r-release-linux-x86_64 2.0.0 3.80 33.54 37.34 NOTE
r-release-osx-x86_64 2.0.0 OK
r-release-windows-ix86+x86_64 2.0.0 7.00 60.00 67.00 OK
r-oldrel-osx-x86_64 2.0.0 OK
r-oldrel-windows-ix86+x86_64 2.0.0 6.00 48.00 54.00 OK

Check Details

Version: 2.0.0
Check: for non-standard things in the check directory
Result: NOTE
    Found the following files/directories:
     'BiDimRegrOutput.txt'
Flavors: r-devel-linux-x86_64-debian-clang, r-devel-linux-x86_64-debian-gcc, r-devel-linux-x86_64-fedora-clang, r-devel-linux-x86_64-fedora-gcc, r-patched-linux-x86_64, r-patched-solaris-x86, r-release-linux-x86_64