CRAN Package Check Results for Package BiDimRegression

Last updated on 2019-10-20 23:47:20 CEST.

Flavor Version Tinstall Tcheck Ttotal Status Flags
r-devel-linux-x86_64-debian-clang 2.0.0 2.81 29.37 32.18 NOTE
r-devel-linux-x86_64-debian-gcc 2.0.0 2.69 23.87 26.56 NOTE
r-devel-linux-x86_64-fedora-clang 2.0.0 40.75 NOTE
r-devel-linux-x86_64-fedora-gcc 2.0.0 40.55 NOTE
r-devel-windows-ix86+x86_64 2.0.0 6.00 41.00 47.00 OK
r-patched-linux-x86_64 2.0.0 2.89 29.02 31.91 OK
r-patched-solaris-x86 2.0.0 59.80 OK
r-release-linux-x86_64 2.0.0 2.86 29.48 32.34 OK
r-release-windows-ix86+x86_64 2.0.0 8.00 40.00 48.00 OK
r-release-osx-x86_64 2.0.0 OK
r-oldrel-windows-ix86+x86_64 2.0.0 4.00 39.00 43.00 OK
r-oldrel-osx-x86_64 2.0.0 OK

Check Details

Version: 2.0.0
Check: for non-standard things in the check directory
Result: NOTE
    Found the following files/directories:
     'BiDimRegrOutput.txt'
Flavors: r-devel-linux-x86_64-debian-clang, r-devel-linux-x86_64-debian-gcc, r-devel-linux-x86_64-fedora-clang, r-devel-linux-x86_64-fedora-gcc