CRAN Package Check Results for Package BiDAG

Last updated on 2022-12-04 23:53:29 CET.

Flavor Version Tinstall Tcheck Ttotal Status Flags
r-devel-linux-x86_64-debian-clang 2.1.1 42.47 189.55 232.02 OK
r-devel-linux-x86_64-debian-gcc 2.1.1 35.07 142.21 177.28 OK
r-devel-linux-x86_64-fedora-clang 2.1.1 323.48 NOTE
r-devel-linux-x86_64-fedora-gcc 2.1.1 331.84 NOTE
r-devel-windows-x86_64 2.1.1 88.00 228.00 316.00 OK
r-patched-linux-x86_64 2.1.1 35.87 184.20 220.07 OK
r-release-linux-x86_64 2.1.1 34.05 181.30 215.35 OK
r-release-macos-arm64 2.1.1 69.00 NOTE
r-release-macos-x86_64 2.1.1 93.00 NOTE
r-release-windows-x86_64 2.1.1 51.00 223.00 274.00 OK
r-oldrel-macos-arm64 2.1.1 65.00 NOTE
r-oldrel-macos-x86_64 2.1.1 91.00 NOTE
r-oldrel-windows-ix86+x86_64 2.1.1 89.00 268.00 357.00 OK

Check Details

Version: 2.1.1
Check: dependencies in R code
Result: NOTE
    Namespace in Imports field not imported from: ‘RBGL’
     All declared Imports should be used.
Flavors: r-devel-linux-x86_64-fedora-clang, r-devel-linux-x86_64-fedora-gcc, r-release-macos-arm64, r-release-macos-x86_64, r-oldrel-macos-arm64, r-oldrel-macos-x86_64