CRAN Package Check Results for Package BayesianTools

Last updated on 2022-01-25 23:50:18 CET.

Flavor Version Tinstall Tcheck Ttotal Status Flags
r-devel-linux-x86_64-debian-clang 0.1.7 29.62 262.36 291.98 NOTE
r-devel-linux-x86_64-debian-gcc 0.1.7 24.27 209.06 233.33 NOTE
r-devel-linux-x86_64-fedora-clang 0.1.7 340.78 NOTE
r-devel-linux-x86_64-fedora-gcc 0.1.7 351.07 NOTE
r-devel-windows-x86_64-new-UL 0.1.7 299.00 311.00 610.00 NOTE
r-devel-windows-x86_64-new-TK 0.1.7 ERROR
r-patched-linux-x86_64 0.1.7 29.80 239.83 269.63 NOTE
r-release-linux-x86_64 0.1.7 26.36 241.14 267.50 NOTE
r-release-macos-arm64 0.1.7 NOTE
r-release-macos-x86_64 0.1.7 NOTE
r-release-windows-ix86+x86_64 0.1.7 70.00 363.00 433.00 NOTE
r-oldrel-macos-x86_64 0.1.7 OK
r-oldrel-windows-ix86+x86_64 0.1.7 70.00 368.00 438.00 OK

Check Details

Version: 0.1.7
Check: LazyData
Result: NOTE
     'LazyData' is specified without a 'data' directory
Flavors: r-devel-linux-x86_64-debian-clang, r-devel-linux-x86_64-debian-gcc, r-devel-linux-x86_64-fedora-clang, r-devel-linux-x86_64-fedora-gcc, r-devel-windows-x86_64-new-UL, r-patched-linux-x86_64, r-release-linux-x86_64, r-release-macos-arm64, r-release-macos-x86_64, r-release-windows-ix86+x86_64

Version: 0.1.7
Check: package dependencies
Result: ERROR
    Package required but not available: 'DHARMa'
    
    See section 'The DESCRIPTION file' in the 'Writing R Extensions'
    manual.
Flavor: r-devel-windows-x86_64-new-TK