CRAN Package Check Results for Package BayesSampling

Last updated on 2020-09-26 23:46:29 CEST.

Flavor Version Tinstall Tcheck Ttotal Status Flags
r-devel-linux-x86_64-debian-clang 1.0.0 7.22 68.02 75.24 OK
r-devel-linux-x86_64-debian-gcc 1.0.0 6.25 54.73 60.98 OK
r-devel-linux-x86_64-fedora-clang 1.0.0 103.27 NOTE
r-devel-linux-x86_64-fedora-gcc 1.0.0 109.70 NOTE
r-devel-windows-ix86+x86_64 1.0.0 15.00 91.00 106.00 OK
r-patched-linux-x86_64 1.0.0 7.83 64.15 71.98 OK
r-patched-solaris-x86 1.0.0 190.00 WARN
r-release-linux-x86_64 1.0.0 6.92 63.91 70.83 OK
r-release-macos-x86_64 1.0.0 NOTE
r-release-windows-ix86+x86_64 1.0.0 13.00 92.00 105.00 OK
r-oldrel-macos-x86_64 1.0.0 NOTE
r-oldrel-windows-ix86+x86_64 1.0.0 16.00 94.00 110.00 OK

Check Details

Version: 1.0.0
Check: dependencies in R code
Result: NOTE
    Namespaces in Imports field not imported from:
     ‘MASS’ ‘Matrix’ ‘stats’
     All declared Imports should be used.
Flavors: r-devel-linux-x86_64-fedora-clang, r-devel-linux-x86_64-fedora-gcc, r-patched-solaris-x86, r-release-macos-x86_64, r-oldrel-macos-x86_64

Version: 1.0.0
Check: re-building of vignette outputs
Result: WARN
    Error(s) in re-building vignettes:
     ...
    --- re-building ‘BLE_Ratio.Rmd’ using rmarkdown
    Warning in engine$weave(file, quiet = quiet, encoding = enc) :
     Pandoc (>= 1.12.3) and/or pandoc-citeproc not available. Falling back to R Markdown v1.
    --- finished re-building ‘BLE_Ratio.Rmd’
    
    --- re-building ‘BLE_Reg.Rmd’ using rmarkdown
    Warning in engine$weave(file, quiet = quiet, encoding = enc) :
     Pandoc (>= 1.12.3) and/or pandoc-citeproc not available. Falling back to R Markdown v1.
    --- finished re-building ‘BLE_Reg.Rmd’
    
    --- re-building ‘BLE_SRS.Rmd’ using rmarkdown
    Warning in engine$weave(file, quiet = quiet, encoding = enc) :
     Pandoc (>= 1.12.3) and/or pandoc-citeproc not available. Falling back to R Markdown v1.
    --- finished re-building ‘BLE_SRS.Rmd’
    
    --- re-building ‘BLE_SSRS.Rmd’ using rmarkdown
    Warning in engine$weave(file, quiet = quiet, encoding = enc) :
     Pandoc (>= 1.12.3) and/or pandoc-citeproc not available. Falling back to R Markdown v1.
    Quitting from lines 87-95 (BLE_SSRS.Rmd)
    Error: processing vignette 'BLE_SSRS.Rmd' failed with diagnostics:
    cannot allocate vector of size 753.8 Mb
    --- failed re-building ‘BLE_SSRS.Rmd’
    
    --- re-building ‘BayesSampling.Rmd’ using rmarkdown
    Warning in engine$weave(file, quiet = quiet, encoding = enc) :
     Pandoc (>= 1.12.3) and/or pandoc-citeproc not available. Falling back to R Markdown v1.
    --- finished re-building ‘BayesSampling.Rmd’
    
    SUMMARY: processing the following file failed:
     ‘BLE_SSRS.Rmd’
    
    Error: Vignette re-building failed.
    Execution halted
Flavor: r-patched-solaris-x86