CRAN Package Check Results for Package BayesNetBP

Last updated on 2021-04-22 23:49:32 CEST.

Flavor Version Tinstall Tcheck Ttotal Status Flags
r-devel-linux-x86_64-debian-clang 1.5.5 22.87 192.64 215.51 NOTE
r-devel-linux-x86_64-debian-gcc 1.5.5 18.87 145.09 163.96 NOTE
r-devel-linux-x86_64-fedora-clang 1.5.5 272.97 NOTE
r-devel-linux-x86_64-fedora-gcc 1.5.5 251.99 NOTE
r-devel-windows-ix86+x86_64 1.5.5 52.00 215.00 267.00 NOTE
r-devel-windows-x86_64-gcc10-UCRT 1.5.5 NOTE
r-patched-linux-x86_64 1.5.5 20.37 174.87 195.24 NOTE
r-patched-solaris-x86 1.5.5 367.10 NOTE
r-release-linux-x86_64 1.5.5 21.09 174.67 195.76 NOTE
r-release-macos-x86_64 1.5.5 NOTE
r-release-windows-ix86+x86_64 1.5.5 53.00 182.00 235.00 NOTE
r-oldrel-macos-x86_64 1.5.5 NOTE
r-oldrel-windows-ix86+x86_64 1.5.5 46.00 209.00 255.00 NOTE

Check Details

Version: 1.5.5
Check: package dependencies
Result: NOTE
    Package suggested but not available for checking: 'cyjShiny'
Flavors: r-devel-linux-x86_64-debian-clang, r-devel-linux-x86_64-debian-gcc, r-devel-linux-x86_64-fedora-clang, r-devel-linux-x86_64-fedora-gcc, r-devel-windows-ix86+x86_64, r-patched-linux-x86_64, r-patched-solaris-x86, r-release-linux-x86_64, r-release-macos-x86_64, r-release-windows-ix86+x86_64, r-oldrel-macos-x86_64, r-oldrel-windows-ix86+x86_64

Version: 1.5.5
Check: package dependencies
Result: NOTE
    Packages suggested but not available for checking: 'Rgraphviz', 'cyjShiny'
Flavor: r-devel-windows-x86_64-gcc10-UCRT