CRAN Package Check Results for Package BayesGWQS

Last updated on 2022-11-26 23:58:09 CET.

Flavor Version Tinstall Tcheck Ttotal Status Flags
r-devel-linux-x86_64-debian-clang 0.1.1 2.72 27.34 30.06 OK
r-devel-linux-x86_64-debian-gcc 0.1.1 2.08 22.03 24.11 OK
r-devel-linux-x86_64-fedora-clang 0.1.1 50.83 NOTE
r-devel-linux-x86_64-fedora-gcc 0.1.1 48.13 NOTE
r-devel-windows-x86_64 0.1.1 14.00 57.00 71.00 OK
r-patched-linux-x86_64 0.1.1 OK
r-release-linux-x86_64 0.1.1 2.36 26.54 28.90 OK
r-release-macos-arm64 0.1.1 17.00 NOTE
r-release-macos-x86_64 0.1.1 26.00 NOTE
r-release-windows-x86_64 0.1.1 15.00 56.00 71.00 OK
r-oldrel-macos-arm64 0.1.1 17.00 NOTE
r-oldrel-macos-x86_64 0.1.1 26.00 NOTE
r-oldrel-windows-ix86+x86_64 0.1.1 7.00 49.00 56.00 OK

Check Details

Version: 0.1.1
Check: dependencies in R code
Result: NOTE
    Namespace in Imports field not imported from: ‘plyr’
     All declared Imports should be used.
Flavors: r-devel-linux-x86_64-fedora-clang, r-devel-linux-x86_64-fedora-gcc, r-release-macos-arm64, r-release-macos-x86_64, r-oldrel-macos-arm64, r-oldrel-macos-x86_64