CRAN Package Check Results for Package BayesFactor

Last updated on 2022-01-22 23:52:03 CET.

Flavor Version Tinstall Tcheck Ttotal Status Flags
r-devel-linux-x86_64-debian-clang 0.9.12-4.3 256.68 286.94 543.62 OK
r-devel-linux-x86_64-debian-gcc 0.9.12-4.3 181.67 215.21 396.88 OK
r-devel-linux-x86_64-fedora-clang 0.9.12-4.3 768.05 NOTE
r-devel-linux-x86_64-fedora-gcc 0.9.12-4.3 681.58 OK
r-devel-windows-x86_64-new-UL 0.9.12-4.3 445.00 339.00 784.00 NOTE
r-devel-windows-x86_64-new-TK 0.9.12-4.3 WARN
r-patched-linux-x86_64 0.9.12-4.3 222.89 285.68 508.57 OK
r-release-linux-x86_64 0.9.12-4.3 224.64 287.11 511.75 OK
r-release-macos-arm64 0.9.12-4.3 NOTE
r-release-macos-x86_64 0.9.12-4.3 NOTE
r-release-windows-ix86+x86_64 0.9.12-4.3 605.00 399.00 1004.00 NOTE
r-oldrel-macos-x86_64 0.9.12-4.3 NOTE
r-oldrel-windows-ix86+x86_64 0.9.12-4.3 603.00 388.00 991.00 NOTE

Check Details

Version: 0.9.12-4.3
Check: installed package size
Result: NOTE
     installed size is 20.8Mb
     sub-directories of 1Mb or more:
     doc 5.4Mb
     libs 14.2Mb
Flavors: r-devel-linux-x86_64-fedora-clang, r-devel-windows-x86_64-new-UL, r-release-macos-arm64, r-release-macos-x86_64, r-release-windows-ix86+x86_64, r-oldrel-macos-x86_64, r-oldrel-windows-ix86+x86_64

Version: 0.9.12-4.3
Check: package dependencies
Result: NOTE
    Package suggested but not available for checking: 'doMC'
Flavors: r-devel-windows-x86_64-new-UL, r-release-windows-ix86+x86_64, r-oldrel-windows-ix86+x86_64

Version: 0.9.12-4.3
Check: package dependencies
Result: NOTE
    Packages suggested but not available for checking: 'doMC', 'arm', 'lme4'
Flavor: r-devel-windows-x86_64-new-TK

Version: 0.9.12-4.3
Check: re-building of vignette outputs
Result: WARN
    Error(s) in re-building vignettes:
    --- re-building 'compare_lme4.Rmd' using knitr
    Loading required package: coda
    Loading required package: Matrix
    ************
    Welcome to BayesFactor 0.9.12-4.3. If you have questions, please contact Richard Morey (richarddmorey@gmail.com).
    
    Type BFManual() to open the manual.
    ************
    Quitting from lines 34-37 (compare_lme4.Rmd)
    Error: processing vignette 'compare_lme4.Rmd' failed with diagnostics:
    there is no package called 'arm'
    --- failed re-building 'compare_lme4.Rmd'
    
    --- re-building 'index.Rmd' using knitr
    --- finished re-building 'index.Rmd'
    
    --- re-building 'manual.Rmd' using knitr
    --- finished re-building 'manual.Rmd'
    
    --- re-building 'odds_probs.Rmd' using knitr
    --- finished re-building 'odds_probs.Rmd'
    
    --- re-building 'priors.Rmd' using knitr
    --- finished re-building 'priors.Rmd'
    
    SUMMARY: processing the following file failed:
     'compare_lme4.Rmd'
    
    Error: Vignette re-building failed.
    Execution halted
Flavor: r-devel-windows-x86_64-new-TK