CRAN Package Check Results for Package BayesESS

Last updated on 2019-07-15 00:50:21 CEST.

Flavor Version Tinstall Tcheck Ttotal Status Flags
r-devel-linux-x86_64-debian-clang 0.1.12 47.56 61.82 109.38 OK
r-devel-linux-x86_64-debian-gcc 0.1.12 33.83 50.69 84.52 OK
r-devel-linux-x86_64-fedora-clang 0.1.12 145.24 NOTE
r-devel-linux-x86_64-fedora-gcc 0.1.12 141.25 NOTE
r-devel-windows-ix86+x86_64 0.1.12 80.00 100.00 180.00 OK
r-patched-linux-x86_64 0.1.12 38.90 62.21 101.11 OK
r-patched-solaris-x86 0.1.12 189.00 NOTE
r-release-linux-x86_64 0.1.12 40.45 61.84 102.29 OK
r-release-windows-ix86+x86_64 0.1.12 82.00 97.00 179.00 OK
r-release-osx-x86_64 0.1.12 NOTE
r-oldrel-windows-ix86+x86_64 0.1.12 110.00 129.00 239.00 OK
r-oldrel-osx-x86_64 0.1.12 NOTE

Check Details

Version: 0.1.12
Check: dependencies in R code
Result: NOTE
    Namespaces in Imports field not imported from:
     ‘MASS’ ‘MatrixModels’
     All declared Imports should be used.
Flavors: r-devel-linux-x86_64-fedora-clang, r-devel-linux-x86_64-fedora-gcc, r-patched-solaris-x86, r-release-osx-x86_64, r-oldrel-osx-x86_64